Last updated on 2025-05-01 14:49:03 CEST.
Flavor | Version | Tinstall | Tcheck | Ttotal | Status | Flags |
---|---|---|---|---|---|---|
r-devel-linux-x86_64-debian-clang | 1.3.4 | 2.99 | 42.52 | 45.51 | NOTE | |
r-devel-linux-x86_64-debian-gcc | 1.3.4 | 1.92 | 35.75 | 37.67 | NOTE | |
r-devel-linux-x86_64-fedora-clang | 1.3.4 | 69.06 | OK | |||
r-devel-linux-x86_64-fedora-gcc | 1.3.4 | 70.97 | OK | |||
r-devel-windows-x86_64 | 1.3.4 | 3.00 | 89.00 | 92.00 | OK | |
r-patched-linux-x86_64 | 1.3.4 | 3.20 | 40.28 | 43.48 | OK | |
r-release-linux-x86_64 | OK | |||||
r-release-macos-arm64 | 1.3.4 | 26.00 | OK | |||
r-release-macos-x86_64 | 1.3.4 | 44.00 | OK | |||
r-release-windows-x86_64 | 1.3.4 | 3.00 | 88.00 | 91.00 | OK | |
r-oldrel-macos-arm64 | 1.3.4 | 29.00 | OK | |||
r-oldrel-macos-x86_64 | 1.3.4 | 34.00 | OK | |||
r-oldrel-windows-x86_64 | 1.3.4 | 4.00 | 79.00 | 83.00 | OK |
Version: 1.3.4
Check: CRAN incoming feasibility
Result: NOTE
Maintainer: ‘Marcus Rowcliffe <marcus.rowcliffe@ioz.ac.uk>’
No Authors@R field in DESCRIPTION.
Please add one, modifying
Authors@R: person(given = "Marcus",
family = "Rowcliffe",
role = c("aut", "cre"),
email = "marcus.rowcliffe@ioz.ac.uk")
as necessary.
Flavors: r-devel-linux-x86_64-debian-clang, r-devel-linux-x86_64-debian-gcc
These binaries (installable software) and packages are in development.
They may not be fully stable and should be used with caution. We make no claims about them.