CRAN Package Check Results for Package actogrammr

Last updated on 2025-05-08 04:51:58 CEST.

Flavor Version Tinstall Tcheck Ttotal Status Flags
r-devel-linux-x86_64-debian-clang 0.2.3 4.01 98.00 102.01 OK
r-devel-linux-x86_64-debian-gcc 0.2.3 2.83 66.12 68.95 OK
r-devel-linux-x86_64-fedora-clang 0.2.3 156.71 OK
r-devel-linux-x86_64-fedora-gcc 0.2.3 149.15 OK
r-devel-windows-x86_64 0.2.3 6.00 114.00 120.00 OK
r-patched-linux-x86_64 0.2.3 3.88 89.82 93.70 OK
r-release-linux-x86_64 0.2.3 2.88 88.91 91.79 OK
r-release-macos-arm64 0.2.3 49.00 OK
r-release-macos-x86_64 0.2.3 80.00 OK
r-release-windows-x86_64 0.2.3 6.00 115.00 121.00 OK
r-oldrel-macos-arm64 0.2.3 55.00 NOTE
r-oldrel-macos-x86_64 0.2.3 86.00 NOTE
r-oldrel-windows-x86_64 0.2.3 7.00 143.00 150.00 NOTE

Check Details

Version: 0.2.3
Check: LazyData
Result: NOTE 'LazyData' is specified without a 'data' directory Flavors: r-oldrel-macos-arm64, r-oldrel-macos-x86_64, r-oldrel-windows-x86_64

These binaries (installable software) and packages are in development.
They may not be fully stable and should be used with caution. We make no claims about them.