CRAN Package Check Results for Package actogrammr

Last updated on 2025-10-23 11:50:06 CEST.

Flavor Version Tinstall Tcheck Ttotal Status Flags
r-devel-linux-x86_64-debian-clang 0.2.3 3.93 98.95 102.88 OK
r-devel-linux-x86_64-debian-gcc 0.2.3 2.69 66.61 69.30 OK
r-devel-linux-x86_64-fedora-clang 0.2.3 156.16 OK
r-devel-linux-x86_64-fedora-gcc 0.2.3 153.25 OK
r-devel-windows-x86_64 0.2.3 6.00 113.00 119.00 OK
r-patched-linux-x86_64 0.2.3 3.63 89.67 93.30 OK
r-release-linux-x86_64 0.2.3 2.35 92.56 94.91 OK
r-release-macos-arm64 0.2.3 2.00 47.00 49.00 OK
r-release-macos-x86_64 0.2.3 3.00 77.00 80.00 OK
r-release-windows-x86_64 0.2.3 6.00 114.00 120.00 OK
r-oldrel-macos-arm64 0.2.3 2.00 53.00 55.00 NOTE
r-oldrel-macos-x86_64 0.2.3 3.00 83.00 86.00 NOTE
r-oldrel-windows-x86_64 0.2.3 8.00 148.00 156.00 NOTE

Check Details

Version: 0.2.3
Check: LazyData
Result: NOTE 'LazyData' is specified without a 'data' directory Flavors: r-oldrel-macos-arm64, r-oldrel-macos-x86_64, r-oldrel-windows-x86_64

These binaries (installable software) and packages are in development.
They may not be fully stable and should be used with caution. We make no claims about them.