Last updated on 2024-07-27 15:50:10 CEST.
Flavor | Version | Tinstall | Tcheck | Ttotal | Status | Flags |
---|---|---|---|---|---|---|
r-devel-linux-x86_64-debian-clang | 2.0-5 | 3.61 | 30.17 | 33.78 | NOTE | |
r-devel-linux-x86_64-debian-gcc | 2.0-5 | NOTE | ||||
r-devel-linux-x86_64-fedora-clang | 2.0-5 | 41.88 | NOTE | |||
r-devel-linux-x86_64-fedora-gcc | 2.0-5 | 40.25 | NOTE | |||
r-devel-windows-x86_64 | 2.0-5 | 4.00 | 50.00 | 54.00 | NOTE | |
r-patched-linux-x86_64 | 2.0-5 | NOTE | ||||
r-release-linux-x86_64 | 2.0-5 | 2.93 | 28.83 | 31.76 | NOTE | |
r-release-macos-arm64 | 2.0-5 | 17.00 | NOTE | |||
r-release-macos-x86_64 | 2.0-5 | 26.00 | NOTE | |||
r-release-windows-x86_64 | 2.0-5 | 4.00 | 50.00 | 54.00 | NOTE | |
r-oldrel-macos-arm64 | 2.0-5 | 20.00 | NOTE | |||
r-oldrel-macos-x86_64 | 2.0-5 | 25.00 | NOTE | |||
r-oldrel-windows-x86_64 | 2.0-5 | 4.00 | 48.00 | 52.00 | NOTE |
Version: 2.0-5
Check: Rd files
Result: NOTE
checkRd: (-1) ada.Rd:171: Escaped LaTeX specials: \&
Flavors: r-devel-linux-x86_64-debian-clang, r-devel-linux-x86_64-debian-gcc, r-devel-linux-x86_64-fedora-clang, r-devel-linux-x86_64-fedora-gcc, r-devel-windows-x86_64, r-patched-linux-x86_64, r-release-linux-x86_64, r-release-macos-arm64, r-release-macos-x86_64, r-release-windows-x86_64, r-oldrel-macos-arm64, r-oldrel-macos-x86_64, r-oldrel-windows-x86_64
These binaries (installable software) and packages are in development.
They may not be fully stable and should be used with caution. We make no claims about them.