CRAN Package Check Results for Package adaHuber

Last updated on 2025-07-21 15:50:56 CEST.

Flavor Version Tinstall Tcheck Ttotal Status Flags
r-devel-linux-x86_64-debian-clang 1.1 26.73 26.19 52.92 NOTE
r-devel-linux-x86_64-debian-gcc 1.1 17.14 21.66 38.80 NOTE
r-devel-linux-x86_64-fedora-clang 1.1 93.56 NOTE
r-devel-linux-x86_64-fedora-gcc 1.1 85.68 NOTE
r-devel-windows-x86_64 1.1 31.00 63.00 94.00 NOTE
r-patched-linux-x86_64 1.1 26.23 24.27 50.50 NOTE
r-release-linux-x86_64 1.1 26.29 24.28 50.57 NOTE
r-release-macos-arm64 1.1 30.00 NOTE
r-release-macos-x86_64 1.1 44.00 NOTE
r-release-windows-x86_64 1.1 28.00 64.00 92.00 NOTE
r-oldrel-macos-arm64 1.1 28.00 NOTE
r-oldrel-macos-x86_64 1.1 46.00 NOTE
r-oldrel-windows-x86_64 1.1 37.00 81.00 118.00 NOTE

Check Details

Version: 1.1
Check: C++ specification
Result: NOTE Specified C++11: please drop specification unless essential Flavors: r-devel-linux-x86_64-debian-clang, r-devel-linux-x86_64-debian-gcc, r-devel-linux-x86_64-fedora-clang, r-devel-linux-x86_64-fedora-gcc, r-devel-windows-x86_64, r-patched-linux-x86_64, r-release-linux-x86_64, r-release-macos-arm64, r-release-macos-x86_64, r-release-windows-x86_64, r-oldrel-macos-arm64, r-oldrel-macos-x86_64, r-oldrel-windows-x86_64

These binaries (installable software) and packages are in development.
They may not be fully stable and should be used with caution. We make no claims about them.