Last updated on 2025-06-30 23:49:40 CEST.
Flavor | Version | Tinstall | Tcheck | Ttotal | Status | Flags |
---|---|---|---|---|---|---|
r-devel-linux-x86_64-debian-clang | 1.1 | 27.24 | 26.17 | 53.41 | NOTE | |
r-devel-linux-x86_64-debian-gcc | 1.1 | 18.99 | 21.53 | 40.52 | NOTE | |
r-devel-linux-x86_64-fedora-clang | 1.1 | 89.78 | NOTE | |||
r-devel-linux-x86_64-fedora-gcc | 1.1 | 85.09 | NOTE | |||
r-devel-windows-x86_64 | 1.1 | 31.00 | 63.00 | 94.00 | NOTE | |
r-patched-linux-x86_64 | NOTE | |||||
r-release-linux-x86_64 | 1.1 | 26.73 | 24.14 | 50.87 | NOTE | |
r-release-macos-arm64 | 1.1 | 30.00 | NOTE | |||
r-release-macos-x86_64 | 1.1 | 44.00 | NOTE | |||
r-release-windows-x86_64 | 1.1 | 31.00 | 66.00 | 97.00 | NOTE | |
r-oldrel-macos-arm64 | 1.1 | 28.00 | NOTE | |||
r-oldrel-macos-x86_64 | 1.1 | 46.00 | NOTE | |||
r-oldrel-windows-x86_64 | 1.1 | 36.00 | 74.00 | 110.00 | NOTE |
Version: 1.1
Check: C++ specification
Result: NOTE
Specified C++11: please drop specification unless essential
Flavors: r-devel-linux-x86_64-debian-clang, r-devel-linux-x86_64-debian-gcc, r-devel-linux-x86_64-fedora-clang, r-devel-linux-x86_64-fedora-gcc, r-devel-windows-x86_64, r-patched-linux-x86_64, r-release-linux-x86_64, r-release-macos-arm64, r-release-macos-x86_64, r-release-windows-x86_64, r-oldrel-macos-arm64, r-oldrel-macos-x86_64, r-oldrel-windows-x86_64
These binaries (installable software) and packages are in development.
They may not be fully stable and should be used with caution. We make no claims about them.