Last updated on 2025-05-08 04:51:58 CEST.
Flavor | Version | Tinstall | Tcheck | Ttotal | Status | Flags |
---|---|---|---|---|---|---|
r-devel-linux-x86_64-debian-clang | 0.1.3 | 24.97 | 248.35 | 273.32 | NOTE | |
r-devel-linux-x86_64-debian-gcc | 0.1.3 | 20.54 | 184.29 | 204.83 | NOTE | |
r-devel-linux-x86_64-fedora-clang | 0.1.3 | 453.57 | OK | |||
r-devel-linux-x86_64-fedora-gcc | 0.1.3 | 421.15 | OK | |||
r-devel-windows-x86_64 | 0.1.3 | 27.00 | 217.00 | 244.00 | OK | |
r-patched-linux-x86_64 | 0.1.3 | 25.59 | 236.14 | 261.73 | OK | |
r-release-linux-x86_64 | 0.1.3 | 25.27 | 238.74 | 264.01 | OK | |
r-release-macos-arm64 | 0.1.3 | 148.00 | OK | |||
r-release-macos-x86_64 | 0.1.3 | 236.00 | OK | |||
r-release-windows-x86_64 | 0.1.3 | 29.00 | 216.00 | 245.00 | OK | |
r-oldrel-macos-arm64 | 0.1.3 | 122.00 | OK | |||
r-oldrel-macos-x86_64 | 0.1.3 | 198.00 | OK | |||
r-oldrel-windows-x86_64 | 0.1.3 | 35.00 | 283.00 | 318.00 | OK |
Version: 0.1.3
Check: CRAN incoming feasibility
Result: NOTE
Maintainer: ‘Julia Fukuyama <julia.fukuyama@gmail.com>’
The Description field contains
<arXiv:1702.00501>. The package also includes functionality for
Please refer to arXiv e-prints via their arXiv DOI <doi:10.48550/arXiv.YYMM.NNNNN>.
Flavors: r-devel-linux-x86_64-debian-clang, r-devel-linux-x86_64-debian-gcc
These binaries (installable software) and packages are in development.
They may not be fully stable and should be used with caution. We make no claims about them.