CRAN Package Check Results for Package adass

Last updated on 2025-07-26 01:50:43 CEST.

Flavor Version Tinstall Tcheck Ttotal Status Flags
r-devel-linux-x86_64-debian-clang 1.0.1 2.34 44.10 46.44 NOTE
r-devel-linux-x86_64-debian-gcc 1.0.1 1.72 33.14 34.86 NOTE
r-devel-linux-x86_64-fedora-clang 1.0.1 74.20 OK
r-devel-linux-x86_64-fedora-gcc 1.0.1 71.10 OK
r-devel-windows-x86_64 1.0.1 4.00 65.00 69.00 OK
r-patched-linux-x86_64 1.0.1 2.46 40.51 42.97 OK
r-release-linux-x86_64 1.0.1 1.87 40.00 41.87 OK
r-release-macos-arm64 1.0.1 26.00 OK
r-release-macos-x86_64 1.0.1 44.00 OK
r-release-windows-x86_64 1.0.1 4.00 60.00 64.00 OK
r-oldrel-macos-arm64 1.0.1 27.00 OK
r-oldrel-macos-x86_64 1.0.1 60.00 OK
r-oldrel-windows-x86_64 1.0.1 4.00 71.00 75.00 OK

Check Details

Version: 1.0.1
Check: CRAN incoming feasibility
Result: NOTE Maintainer: ‘Fabio Centofanti <fabio.centofanti@unina.it>’ The BugReports field in DESCRIPTION has https://github.com/unina-sfere/adass which should likely be https://github.com/unina-sfere/adass/issues instead. Flavors: r-devel-linux-x86_64-debian-clang, r-devel-linux-x86_64-debian-gcc

These binaries (installable software) and packages are in development.
They may not be fully stable and should be used with caution. We make no claims about them.