Last updated on 2025-05-08 04:51:58 CEST.
Flavor | Version | Tinstall | Tcheck | Ttotal | Status | Flags |
---|---|---|---|---|---|---|
r-devel-linux-x86_64-debian-clang | 1.0.1 | 2.37 | 42.99 | 45.36 | NOTE | |
r-devel-linux-x86_64-debian-gcc | 1.0.1 | 1.64 | 33.20 | 34.84 | NOTE | |
r-devel-linux-x86_64-fedora-clang | 1.0.1 | 69.61 | OK | |||
r-devel-linux-x86_64-fedora-gcc | 1.0.1 | 65.29 | OK | |||
r-devel-windows-x86_64 | 1.0.1 | 4.00 | 60.00 | 64.00 | OK | |
r-patched-linux-x86_64 | 1.0.1 | 2.43 | 39.82 | 42.25 | OK | |
r-release-linux-x86_64 | 1.0.1 | 2.40 | 40.08 | 42.48 | OK | |
r-release-macos-arm64 | 1.0.1 | 26.00 | OK | |||
r-release-macos-x86_64 | 1.0.1 | 44.00 | OK | |||
r-release-windows-x86_64 | 1.0.1 | 4.00 | 61.00 | 65.00 | OK | |
r-oldrel-macos-arm64 | 1.0.1 | 27.00 | OK | |||
r-oldrel-macos-x86_64 | 1.0.1 | 60.00 | OK | |||
r-oldrel-windows-x86_64 | 1.0.1 | 5.00 | 73.00 | 78.00 | OK |
Version: 1.0.1
Check: CRAN incoming feasibility
Result: NOTE
Maintainer: ‘Fabio Centofanti <fabio.centofanti@unina.it>’
The BugReports field in DESCRIPTION has
https://github.com/unina-sfere/adass
which should likely be
https://github.com/unina-sfere/adass/issues
instead.
Flavors: r-devel-linux-x86_64-debian-clang, r-devel-linux-x86_64-debian-gcc
These binaries (installable software) and packages are in development.
They may not be fully stable and should be used with caution. We make no claims about them.