Last updated on 2025-10-03 05:53:24 CEST.
Flavor | Version | Tinstall | Tcheck | Ttotal | Status | Flags |
---|---|---|---|---|---|---|
r-devel-linux-x86_64-debian-clang | 0.20.0 | 23.47 | 29.53 | 53.00 | OK | |
r-devel-linux-x86_64-debian-gcc | 0.20.0 | 20.15 | 22.60 | 42.75 | OK | |
r-devel-linux-x86_64-fedora-clang | 0.20.0 | 81.15 | OK | |||
r-devel-linux-x86_64-fedora-gcc | 0.20.0 | 96.81 | OK | |||
r-devel-windows-x86_64 | 0.20.0 | 42.00 | 119.00 | 161.00 | OK | |
r-patched-linux-x86_64 | 0.20.0 | 27.29 | 26.55 | 53.84 | OK | |
r-release-linux-x86_64 | 0.20.0 | 28.61 | 26.71 | 55.32 | OK | |
r-release-macos-arm64 | 0.20.0 | 33.00 | OK | |||
r-release-macos-x86_64 | 0.20.0 | 59.00 | OK | |||
r-release-windows-x86_64 | 0.20.0 | 40.00 | 78.00 | 118.00 | OK | |
r-oldrel-macos-arm64 | 0.20.0 | 36.00 | NOTE | |||
r-oldrel-macos-x86_64 | 0.20.0 | 54.00 | NOTE | |||
r-oldrel-windows-x86_64 | 0.20.0 | 41.00 | 91.00 | 132.00 | OK |
Version: 0.20.0
Check: installed package size
Result: NOTE
installed size is 5.5Mb
sub-directories of 1Mb or more:
libs 5.3Mb
Flavors: r-oldrel-macos-arm64, r-oldrel-macos-x86_64
These binaries (installable software) and packages are in development.
They may not be fully stable and should be used with caution. We make no claims about them.