Last updated on 2024-07-27 15:50:10 CEST.
Flavor | Version | Tinstall | Tcheck | Ttotal | Status | Flags |
---|---|---|---|---|---|---|
r-devel-linux-x86_64-debian-clang | 0.13.0 | 45.63 | 23.44 | 69.07 | OK | |
r-devel-linux-x86_64-debian-gcc | 0.13.0 | OK | ||||
r-devel-linux-x86_64-fedora-clang | 0.13.0 | 93.36 | OK | |||
r-devel-linux-x86_64-fedora-gcc | 0.13.0 | 111.92 | OK | |||
r-devel-windows-x86_64 | 0.13.0 | 49.00 | 110.00 | 159.00 | NOTE | |
r-patched-linux-x86_64 | 0.13.0 | OK | ||||
r-release-linux-x86_64 | 0.13.0 | 47.54 | 22.09 | 69.63 | OK | |
r-release-macos-arm64 | 0.13.0 | 35.00 | NOTE | |||
r-release-macos-x86_64 | 0.13.0 | 52.00 | NOTE | |||
r-release-windows-x86_64 | 0.13.0 | 47.00 | 113.00 | 160.00 | NOTE | |
r-oldrel-macos-arm64 | 0.13.0 | 43.00 | NOTE | |||
r-oldrel-macos-x86_64 | 0.13.0 | 58.00 | NOTE | |||
r-oldrel-windows-x86_64 | 0.13.0 | 42.00 | 126.00 | 168.00 | NOTE |
Version: 0.13.0
Check: installed package size
Result: NOTE
installed size is 6.7Mb
sub-directories of 1Mb or more:
libs 6.7Mb
Flavors: r-devel-windows-x86_64, r-release-macos-arm64, r-release-macos-x86_64, r-release-windows-x86_64, r-oldrel-macos-arm64, r-oldrel-macos-x86_64, r-oldrel-windows-x86_64
These binaries (installable software) and packages are in development.
They may not be fully stable and should be used with caution. We make no claims about them.