Last updated on 2025-02-23 13:51:02 CET.
Flavor | Version | Tinstall | Tcheck | Ttotal | Status | Flags |
---|---|---|---|---|---|---|
r-devel-linux-x86_64-debian-clang | 0.16.0 | 71.66 | 18.62 | 90.28 | OK | |
r-devel-linux-x86_64-debian-gcc | 0.16.0 | 61.14 | 16.03 | 77.17 | OK | |
r-devel-linux-x86_64-fedora-clang | 0.16.0 | 154.11 | OK | |||
r-devel-linux-x86_64-fedora-gcc | 0.16.0 | 201.16 | OK | |||
r-devel-macos-arm64 | 0.16.0 | 47.00 | OK | |||
r-devel-macos-x86_64 | 0.16.0 | 72.00 | OK | |||
r-devel-windows-x86_64 | 0.16.0 | 97.00 | 113.00 | 210.00 | OK | |
r-patched-linux-x86_64 | 0.16.0 | 82.75 | 17.79 | 100.54 | OK | |
r-release-linux-x86_64 | 0.16.0 | 84.94 | 18.09 | 103.03 | OK | |
r-release-macos-arm64 | 0.16.0 | 55.00 | NOTE | |||
r-release-macos-x86_64 | 0.16.0 | 83.00 | NOTE | |||
r-release-windows-x86_64 | 0.16.0 | 98.00 | 110.00 | 208.00 | NOTE | |
r-oldrel-macos-arm64 | 0.15.0 | 212.00 | NOTE | |||
r-oldrel-macos-x86_64 | 0.16.0 | 84.00 | NOTE | |||
r-oldrel-windows-x86_64 | 0.16.0 | 115.00 | 127.00 | 242.00 | NOTE |
Version: 0.16.0
Check: installed package size
Result: NOTE
installed size is 9.2Mb
sub-directories of 1Mb or more:
libs 9.1Mb
Flavors: r-release-macos-arm64, r-release-macos-x86_64, r-release-windows-x86_64, r-oldrel-macos-x86_64, r-oldrel-windows-x86_64
Version: 0.15.0
Check: installed package size
Result: NOTE
installed size is 9.2Mb
sub-directories of 1Mb or more:
libs 9.1Mb
Flavor: r-oldrel-macos-arm64
These binaries (installable software) and packages are in development.
They may not be fully stable and should be used with caution. We make no claims about them.