Last updated on 2025-05-01 15:49:25 CEST.
Flavor | Version | Tinstall | Tcheck | Ttotal | Status | Flags |
---|---|---|---|---|---|---|
r-devel-linux-x86_64-debian-clang | 0.17.0 | 30.90 | 20.83 | 51.73 | OK | |
r-devel-linux-x86_64-debian-gcc | 0.17.0 | 24.01 | 17.26 | 41.27 | OK | |
r-devel-linux-x86_64-fedora-clang | 0.17.0 | 88.07 | OK | |||
r-devel-linux-x86_64-fedora-gcc | 0.17.0 | 91.80 | OK | |||
r-devel-windows-x86_64 | 0.17.0 | 48.00 | 72.00 | 120.00 | OK | |
r-patched-linux-x86_64 | 0.17.0 | 33.50 | 18.93 | 52.43 | OK | |
r-release-linux-x86_64 | OK | |||||
r-release-macos-arm64 | 0.17.0 | 49.00 | OK | |||
r-release-macos-x86_64 | 0.17.0 | 54.00 | OK | |||
r-release-windows-x86_64 | 0.17.0 | 45.00 | 73.00 | 118.00 | OK | |
r-oldrel-macos-arm64 | 0.17.0 | 32.00 | NOTE | |||
r-oldrel-macos-x86_64 | 0.17.0 | 69.00 | NOTE | |||
r-oldrel-windows-x86_64 | 0.17.0 | 43.00 | 82.00 | 125.00 | OK |
Version: 0.17.0
Check: installed package size
Result: NOTE
installed size is 7.5Mb
sub-directories of 1Mb or more:
libs 7.5Mb
Flavors: r-oldrel-macos-arm64, r-oldrel-macos-x86_64
These binaries (installable software) and packages are in development.
They may not be fully stable and should be used with caution. We make no claims about them.