Last updated on 2024-07-27 15:50:10 CEST.
Flavor | Version | Tinstall | Tcheck | Ttotal | Status | Flags |
---|---|---|---|---|---|---|
r-devel-linux-x86_64-debian-clang | 0.13.0 | 59.89 | 23.48 | 83.37 | OK | |
r-devel-linux-x86_64-debian-gcc | 0.13.0 | OK | ||||
r-devel-linux-x86_64-fedora-clang | 0.13.0 | 104.08 | OK | |||
r-devel-linux-x86_64-fedora-gcc | 0.13.0 | 141.73 | OK | |||
r-devel-windows-x86_64 | 0.13.0 | 74.00 | 68.00 | 142.00 | OK | |
r-patched-linux-x86_64 | 0.13.0 | OK | ||||
r-release-linux-x86_64 | 0.13.0 | 61.29 | 23.29 | 84.58 | OK | |
r-release-macos-arm64 | 0.13.0 | 41.00 | NOTE | |||
r-release-macos-x86_64 | 0.13.0 | 62.00 | NOTE | |||
r-release-windows-x86_64 | 0.13.0 | 65.00 | 70.00 | 135.00 | OK | |
r-oldrel-macos-arm64 | 0.13.0 | 53.00 | NOTE | |||
r-oldrel-macos-x86_64 | 0.13.0 | 69.00 | NOTE | |||
r-oldrel-windows-x86_64 | 0.13.0 | 58.00 | 77.00 | 135.00 | OK |
Version: 0.13.0
Check: installed package size
Result: NOTE
installed size is 13.6Mb
sub-directories of 1Mb or more:
libs 13.5Mb
Flavors: r-release-macos-arm64, r-release-macos-x86_64, r-oldrel-macos-arm64, r-oldrel-macos-x86_64
These binaries (installable software) and packages are in development.
They may not be fully stable and should be used with caution. We make no claims about them.