CRAN Package Check Results for Package add2ggplot

Last updated on 2025-10-23 15:49:46 CEST.

Flavor Version Tinstall Tcheck Ttotal Status Flags
r-devel-linux-x86_64-debian-clang 0.3.0 5.73 65.29 71.02 NOTE
r-devel-linux-x86_64-debian-gcc 0.3.0 4.36 47.44 51.80 OK
r-devel-linux-x86_64-fedora-clang 0.3.0 12.00 95.31 107.31 OK
r-devel-linux-x86_64-fedora-gcc 0.3.0 13.00 105.68 118.68 OK
r-devel-windows-x86_64 0.3.0 8.00 73.00 81.00 OK
r-patched-linux-x86_64 0.3.0 4.89 60.09 64.98 OK
r-release-linux-x86_64 0.3.0 5.50 59.82 65.32 OK
r-release-macos-arm64 0.3.0 3.00 45.00 48.00 OK
r-release-macos-x86_64 0.3.0 4.00 55.00 59.00 OK
r-release-windows-x86_64 0.3.0 7.00 76.00 83.00 OK
r-oldrel-macos-arm64 0.3.0 2.00 31.00 33.00 NOTE
r-oldrel-macos-x86_64 0.3.0 4.00 46.00 50.00 NOTE
r-oldrel-windows-x86_64 0.3.0 9.00 93.00 102.00 NOTE

Check Details

Version: 0.3.0
Check: HTML version of manual
Result: NOTE Found the following HTML validation problems: get_width_height.html:46:1 (get_width_height.Rd:10): Warning: missing </ul> before </div> Flavor: r-devel-linux-x86_64-debian-clang

Version: 0.3.0
Check: LazyData
Result: NOTE 'LazyData' is specified without a 'data' directory Flavors: r-oldrel-macos-arm64, r-oldrel-macos-x86_64, r-oldrel-windows-x86_64

These binaries (installable software) and packages are in development.
They may not be fully stable and should be used with caution. We make no claims about them.