Last updated on 2025-02-16 10:50:41 CET.
Flavor | Version | Tinstall | Tcheck | Ttotal | Status | Flags |
---|---|---|---|---|---|---|
r-devel-linux-x86_64-debian-clang | 0.1.0 | 1.70 | 17.55 | 19.25 | OK | |
r-devel-linux-x86_64-debian-gcc | 0.1.0 | 0.99 | 14.79 | 15.78 | OK | |
r-devel-linux-x86_64-fedora-clang | 0.1.0 | 31.44 | OK | |||
r-devel-linux-x86_64-fedora-gcc | 0.1.0 | 29.27 | OK | |||
r-devel-macos-arm64 | 0.1.0 | 19.00 | OK | |||
r-devel-macos-x86_64 | 0.1.0 | 28.00 | OK | |||
r-devel-windows-x86_64 | 0.1.0 | 3.00 | 45.00 | 48.00 | OK | |
r-patched-linux-x86_64 | 0.1.0 | 1.33 | 16.59 | 17.92 | NOTE | |
r-release-linux-x86_64 | 0.1.0 | 1.70 | 16.74 | 18.44 | NOTE | |
r-release-macos-arm64 | 0.1.0 | 16.00 | NOTE | |||
r-release-macos-x86_64 | 0.1.0 | 23.00 | NOTE | |||
r-release-windows-x86_64 | 0.1.0 | 3.00 | 48.00 | 51.00 | NOTE | |
r-oldrel-macos-arm64 | 0.1.0 | 19.00 | NOTE | |||
r-oldrel-macos-x86_64 | 0.1.0 | 20.00 | NOTE | |||
r-oldrel-windows-x86_64 | 0.1.0 | 3.00 | 75.00 | 78.00 | NOTE |
Version: 0.1.0
Check: LazyData
Result: NOTE
'LazyData' is specified without a 'data' directory
Flavors: r-patched-linux-x86_64, r-release-linux-x86_64, r-release-macos-arm64, r-release-macos-x86_64, r-release-windows-x86_64, r-oldrel-macos-arm64, r-oldrel-macos-x86_64, r-oldrel-windows-x86_64
These binaries (installable software) and packages are in development.
They may not be fully stable and should be used with caution. We make no claims about them.