CRAN Package Check Results for Package addinsOutline

Last updated on 2025-02-20 18:52:50 CET.

Flavor Version Tinstall Tcheck Ttotal Status Flags
r-devel-linux-x86_64-debian-clang 0.1.6 6.97 52.22 59.19 OK
r-devel-linux-x86_64-debian-gcc 0.1.6 4.76 37.71 42.47 OK
r-devel-linux-x86_64-fedora-clang 0.1.6 94.68 OK
r-devel-linux-x86_64-fedora-gcc 0.1.6 110.21 OK
r-devel-macos-arm64 0.1.6 40.00 OK
r-devel-macos-x86_64 0.1.6 62.00 OK
r-devel-windows-x86_64 0.1.6 10.00 73.00 83.00 OK
r-patched-linux-x86_64 0.1.6 6.13 49.03 55.16 NOTE
r-release-linux-x86_64 0.1.6 6.34 48.34 54.68 NOTE
r-release-macos-arm64 0.1.6 34.00 NOTE
r-release-macos-x86_64 0.1.6 53.00 NOTE
r-release-windows-x86_64 0.1.6 9.00 71.00 80.00 NOTE
r-oldrel-macos-arm64 0.1.6 38.00 NOTE
r-oldrel-macos-x86_64 0.1.6 53.00 NOTE
r-oldrel-windows-x86_64 0.1.6 11.00 82.00 93.00 NOTE

Check Details

Version: 0.1.6
Check: LazyData
Result: NOTE 'LazyData' is specified without a 'data' directory Flavors: r-patched-linux-x86_64, r-release-linux-x86_64, r-release-macos-arm64, r-release-macos-x86_64, r-release-windows-x86_64, r-oldrel-macos-arm64, r-oldrel-macos-x86_64, r-oldrel-windows-x86_64

These binaries (installable software) and packages are in development.
They may not be fully stable and should be used with caution. We make no claims about them.