CRAN Package Check Results for Package addinsOutline

Last updated on 2025-07-17 21:50:40 CEST.

Flavor Version Tinstall Tcheck Ttotal Status Flags
r-devel-linux-x86_64-debian-clang 0.1.6 7.71 55.89 63.60 OK
r-devel-linux-x86_64-debian-gcc 0.1.6 5.12 39.79 44.91 OK
r-devel-linux-x86_64-fedora-clang 0.1.6 97.42 OK
r-devel-linux-x86_64-fedora-gcc 0.1.6 101.46 OK
r-devel-windows-x86_64 0.1.6 9.00 72.00 81.00 OK
r-patched-linux-x86_64 0.1.6 6.59 49.30 55.89 OK
r-release-linux-x86_64 0.1.6 6.85 49.91 56.76 OK
r-release-macos-arm64 0.1.6 36.00 OK
r-release-macos-x86_64 0.1.6 80.00 OK
r-release-windows-x86_64 0.1.6 11.00 66.00 77.00 OK
r-oldrel-macos-arm64 0.1.6 34.00 NOTE
r-oldrel-macos-x86_64 0.1.6 53.00 NOTE
r-oldrel-windows-x86_64 0.1.6 10.00 81.00 91.00 NOTE

Check Details

Version: 0.1.6
Check: LazyData
Result: NOTE 'LazyData' is specified without a 'data' directory Flavors: r-oldrel-macos-arm64, r-oldrel-macos-x86_64, r-oldrel-windows-x86_64

These binaries (installable software) and packages are in development.
They may not be fully stable and should be used with caution. We make no claims about them.