CRAN Package Check Results for Package additivityTests

Last updated on 2025-05-08 04:51:58 CEST.

Flavor Version Tinstall Tcheck Ttotal Status Flags
r-devel-linux-x86_64-debian-clang 1.1-4.2 1.93 27.85 29.78 NOTE
r-devel-linux-x86_64-debian-gcc 1.1-4.2 1.41 21.28 22.69 NOTE
r-devel-linux-x86_64-fedora-clang 1.1-4.2 45.13 OK
r-devel-linux-x86_64-fedora-gcc 1.1-4.2 70.30 OK
r-devel-windows-x86_64 1.1-4.2 3.00 49.00 52.00 OK
r-patched-linux-x86_64 1.1-4.2 2.09 25.47 27.56 OK
r-release-linux-x86_64 1.1-4.2 1.69 25.23 26.92 OK
r-release-macos-arm64 1.1-4.2 26.00 OK
r-release-macos-x86_64 1.1-4.2 51.00 OK
r-release-windows-x86_64 1.1-4.2 3.00 48.00 51.00 OK
r-oldrel-macos-arm64 1.1-4.2 30.00 OK
r-oldrel-macos-x86_64 1.1-4.2 38.00 OK
r-oldrel-windows-x86_64 1.1-4.2 3.00 54.00 57.00 OK

Check Details

Version: 1.1-4.2
Check: CRAN incoming feasibility
Result: NOTE Maintainer: ‘Petr Simecek <simecek@gmail.com>’ No Authors@R field in DESCRIPTION. Please add one, modifying Authors@R: c(person(given = "Marie", family = "Simeckova", role = "aut"), person(given = "Thomas", family = "Rusch", role = "aut"), person(given = "Petr", family = "Simecek", role = "cre", email = "simecek@gmail.com")) as necessary. Flavors: r-devel-linux-x86_64-debian-clang, r-devel-linux-x86_64-debian-gcc

These binaries (installable software) and packages are in development.
They may not be fully stable and should be used with caution. We make no claims about them.