Last updated on 2025-07-02 03:50:35 CEST.
Flavor | Version | Tinstall | Tcheck | Ttotal | Status | Flags |
---|---|---|---|---|---|---|
r-devel-linux-x86_64-debian-clang | 1.7-23 | 75.38 | 304.50 | 379.88 | OK | |
r-devel-linux-x86_64-debian-gcc | 1.7-23 | 46.36 | 196.21 | 242.57 | OK | |
r-devel-linux-x86_64-fedora-clang | 1.7-23 | 669.49 | NOTE | |||
r-devel-linux-x86_64-fedora-gcc | 1.7-23 | 598.34 | NOTE | |||
r-devel-windows-x86_64 | 1.7-23 | 82.00 | 400.00 | 482.00 | OK | |
r-patched-linux-x86_64 | OK | |||||
r-release-linux-x86_64 | 1.7-23 | 71.25 | 287.33 | 358.58 | OK | |
r-release-macos-arm64 | 1.7-23 | 162.00 | OK | |||
r-release-macos-x86_64 | 1.7-23 | 407.00 | OK | |||
r-release-windows-x86_64 | 1.7-23 | 82.00 | 392.00 | 474.00 | OK | |
r-oldrel-macos-arm64 | 1.7-23 | 146.00 | NOTE | |||
r-oldrel-macos-x86_64 | 1.7-23 | 392.00 | NOTE | |||
r-oldrel-windows-x86_64 | 1.7-23 | 106.00 | 498.00 | 604.00 | NOTE |
Version: 1.7-23
Check: dependencies in R code
Result: NOTE
Namespace in Imports field not imported from: ‘sp’
All declared Imports should be used.
Flavors: r-devel-linux-x86_64-fedora-clang, r-devel-linux-x86_64-fedora-gcc
Version: 1.7-23
Check: installed package size
Result: NOTE
installed size is 9.3Mb
sub-directories of 1Mb or more:
R 2.0Mb
data 2.9Mb
libs 2.6Mb
Flavors: r-oldrel-macos-arm64, r-oldrel-macos-x86_64, r-oldrel-windows-x86_64
These binaries (installable software) and packages are in development.
They may not be fully stable and should be used with caution. We make no claims about them.