CRAN Package Check Results for Package adegenet

Last updated on 2025-02-02 19:48:15 CET.

Flavor Version Tinstall Tcheck Ttotal Status Flags
r-devel-linux-x86_64-debian-clang 2.1.10 27.14 182.75 209.89 NOTE
r-devel-linux-x86_64-debian-gcc 2.1.10 18.67 125.64 144.31 NOTE
r-devel-linux-x86_64-fedora-clang 2.1.10 363.36 OK
r-devel-linux-x86_64-fedora-gcc 2.1.10 338.08 OK
r-devel-windows-x86_64 2.1.10 35.00 196.00 231.00 NOTE
r-patched-linux-x86_64 2.1.10 36.41 171.64 208.05 OK
r-release-linux-x86_64 2.1.10 27.24 170.92 198.16 OK
r-release-macos-arm64 2.1.10 86.00 OK
r-release-macos-x86_64 2.1.10 152.00 OK
r-release-windows-x86_64 2.1.10 34.00 220.00 254.00 OK
r-oldrel-macos-arm64 2.1.10 93.00 NOTE
r-oldrel-macos-x86_64 2.1.10 150.00 NOTE
r-oldrel-windows-x86_64 2.1.10 43.00 256.00 299.00 OK

Check Details

Version: 2.1.10
Check: Rd cross-references
Result: NOTE Found the following Rd file(s) with Rd \link{} targets missing package anchors: df2genind.Rd: hierarchy pairDist.Rd: dist.dna strata-methods.Rd: hierarchy Please provide package anchors for all Rd \link{} targets not in the package itself and the base packages. Flavors: r-devel-linux-x86_64-debian-clang, r-devel-linux-x86_64-debian-gcc, r-devel-windows-x86_64

Version: 2.1.10
Check: installed package size
Result: NOTE installed size is 5.8Mb sub-directories of 1Mb or more: R 2.0Mb data 1.3Mb files 1.7Mb Flavors: r-oldrel-macos-arm64, r-oldrel-macos-x86_64

Version: 2.1.10
Check: package dependencies
Result: NOTE Packages suggested but not available for checking: 'adespatial', 'hierfstat', 'spdep', 'poppr' Flavor: r-oldrel-macos-x86_64

Version: 2.1.10
Check: Rd cross-references
Result: NOTE Package unavailable to check Rd xrefs: ‘spdep’ Flavor: r-oldrel-macos-x86_64

These binaries (installable software) and packages are in development.
They may not be fully stable and should be used with caution. We make no claims about them.