Last updated on 2025-10-02 23:48:44 CEST.
Flavor | Version | Tinstall | Tcheck | Ttotal | Status | Flags |
---|---|---|---|---|---|---|
r-devel-linux-x86_64-debian-clang | 1.0-22 | 28.86 | 327.17 | 356.03 | OK | |
r-devel-linux-x86_64-debian-gcc | 1.0-22 | 18.79 | 227.36 | 246.15 | OK | |
r-devel-linux-x86_64-fedora-clang | 1.0-22 | 547.25 | OK | |||
r-devel-linux-x86_64-fedora-gcc | 1.0-22 | 561.75 | OK | |||
r-devel-windows-x86_64 | 1.0-22 | 30.00 | 309.00 | 339.00 | OK | |
r-patched-linux-x86_64 | 1.0-22 | 32.90 | 313.10 | 346.00 | OK | |
r-release-linux-x86_64 | 1.0-22 | 26.14 | 319.07 | 345.21 | OK | |
r-release-macos-arm64 | 1.0-22 | 154.00 | OK | |||
r-release-macos-x86_64 | 1.0-22 | 373.00 | OK | |||
r-release-windows-x86_64 | 1.0-22 | 30.00 | 301.00 | 331.00 | OK | |
r-oldrel-macos-arm64 | 1.0-22 | 154.00 | NOTE | |||
r-oldrel-macos-x86_64 | 1.0-22 | 374.00 | NOTE | |||
r-oldrel-windows-x86_64 | 1.0-22 | 43.00 | 409.00 | 452.00 | OK |
Version: 1.0-22
Check: installed package size
Result: NOTE
installed size is 5.3Mb
sub-directories of 1Mb or more:
R 2.1Mb
doc 2.7Mb
Flavors: r-oldrel-macos-arm64, r-oldrel-macos-x86_64
These binaries (installable software) and packages are in development.
They may not be fully stable and should be used with caution. We make no claims about them.