Last updated on 2025-02-16 10:50:41 CET.
Flavor | Version | Tinstall | Tcheck | Ttotal | Status | Flags |
---|---|---|---|---|---|---|
r-devel-linux-x86_64-debian-clang | 1.0-21 | 31.20 | 312.98 | 344.18 | OK | |
r-devel-linux-x86_64-debian-gcc | 1.0-21 | 18.28 | 207.32 | 225.60 | OK | |
r-devel-linux-x86_64-fedora-clang | 1.0-21 | 595.36 | OK | |||
r-devel-linux-x86_64-fedora-gcc | 1.0-21 | 526.11 | OK | |||
r-devel-macos-arm64 | 1.0-21 | 139.00 | OK | |||
r-devel-macos-x86_64 | 1.0-21 | 462.00 | OK | |||
r-devel-windows-x86_64 | 1.0-21 | 29.00 | 300.00 | 329.00 | OK | |
r-patched-linux-x86_64 | 1.0-21 | 31.35 | 291.67 | 323.02 | OK | |
r-release-linux-x86_64 | 1.0-21 | 26.14 | 293.10 | 319.24 | OK | |
r-release-macos-arm64 | 1.0-21 | 135.00 | NOTE | |||
r-release-macos-x86_64 | 1.0-21 | 268.00 | NOTE | |||
r-release-windows-x86_64 | 1.0-21 | 31.00 | 293.00 | 324.00 | OK | |
r-oldrel-macos-arm64 | 1.0-21 | 140.00 | NOTE | |||
r-oldrel-macos-x86_64 | 1.0-21 | 312.00 | NOTE | |||
r-oldrel-windows-x86_64 | 1.0-21 | 39.00 | 396.00 | 435.00 | OK |
Version: 1.0-21
Check: installed package size
Result: NOTE
installed size is 5.3Mb
sub-directories of 1Mb or more:
R 2.0Mb
doc 2.7Mb
Flavors: r-release-macos-arm64, r-release-macos-x86_64, r-oldrel-macos-arm64, r-oldrel-macos-x86_64
These binaries (installable software) and packages are in development.
They may not be fully stable and should be used with caution. We make no claims about them.