Last updated on 2025-07-25 17:49:49 CEST.
Flavor | Version | Tinstall | Tcheck | Ttotal | Status | Flags |
---|---|---|---|---|---|---|
r-devel-linux-x86_64-debian-clang | 1.0-22 | 31.13 | 320.27 | 351.40 | OK | |
r-devel-linux-x86_64-debian-gcc | 1.0-22 | 18.70 | 224.79 | 243.49 | OK | |
r-devel-linux-x86_64-fedora-clang | 1.0-22 | 554.25 | OK | |||
r-devel-linux-x86_64-fedora-gcc | 1.0-22 | 534.39 | OK | |||
r-devel-windows-x86_64 | 1.0-22 | 31.00 | 306.00 | 337.00 | OK | |
r-patched-linux-x86_64 | 1.0-22 | 32.76 | 311.70 | 344.46 | OK | |
r-release-linux-x86_64 | 1.0-22 | 25.18 | 304.55 | 329.73 | OK | |
r-release-macos-arm64 | 1.0-22 | 154.00 | OK | |||
r-release-macos-x86_64 | 1.0-22 | 373.00 | OK | |||
r-release-windows-x86_64 | 1.0-22 | 31.00 | 304.00 | 335.00 | OK | |
r-oldrel-macos-arm64 | 1.0-22 | 154.00 | NOTE | |||
r-oldrel-macos-x86_64 | 1.0-22 | 374.00 | NOTE | |||
r-oldrel-windows-x86_64 | 1.0-22 | 44.00 | 406.00 | 450.00 | OK |
Version: 1.0-22
Check: installed package size
Result: NOTE
installed size is 5.3Mb
sub-directories of 1Mb or more:
R 2.1Mb
doc 2.7Mb
Flavors: r-oldrel-macos-arm64, r-oldrel-macos-x86_64
These binaries (installable software) and packages are in development.
They may not be fully stable and should be used with caution. We make no claims about them.