Last updated on 2025-02-16 10:50:41 CET.
Flavor | Version | Tinstall | Tcheck | Ttotal | Status | Flags |
---|---|---|---|---|---|---|
r-devel-linux-x86_64-debian-clang | 1.1-16 | 20.25 | 150.38 | 170.63 | NOTE | |
r-devel-linux-x86_64-debian-gcc | 1.1-16 | 14.07 | 106.43 | 120.50 | NOTE | |
r-devel-linux-x86_64-fedora-clang | 1.1-16 | 282.51 | OK | |||
r-devel-linux-x86_64-fedora-gcc | 1.1-16 | 260.46 | OK | |||
r-devel-macos-arm64 | 1.1-16 | 84.00 | OK | |||
r-devel-macos-x86_64 | 1.1-16 | 147.00 | OK | |||
r-devel-windows-x86_64 | 1.1-16 | 23.00 | 170.00 | 193.00 | NOTE | |
r-patched-linux-x86_64 | 1.1-16 | 25.96 | 135.52 | 161.48 | OK | |
r-release-linux-x86_64 | 1.1-16 | 17.35 | 136.71 | 154.06 | OK | |
r-release-macos-arm64 | 1.1-16 | 78.00 | OK | |||
r-release-macos-x86_64 | 1.1-16 | 118.00 | OK | |||
r-release-windows-x86_64 | 1.1-16 | 23.00 | 168.00 | 191.00 | OK | |
r-oldrel-macos-arm64 | 1.1-16 | 73.00 | OK | |||
r-oldrel-macos-x86_64 | 1.1-16 | 161.00 | OK | |||
r-oldrel-windows-x86_64 | 1.1-16 | 30.00 | 204.00 | 234.00 | OK |
Version: 1.1-16
Check: Rd cross-references
Result: NOTE
Found the following Rd file(s) with Rd \link{} targets missing package
anchors:
abouheif.Rd: phylo4d-class
adephylo-package.Rd: phylo4d-class, phylo4-class
bullseye.Rd: phylo4-class, phylo4d-class
distRoot.Rd: phylo4-class, phylo4d-class
distTips.Rd: phylo4-class, phylo4d-class
listDD.Rd: phylo4-class, phylo4d-class
listTips.Rd: phylo4-class, phylo4d-class
miscUtils.Rd: phylo4-class
orthobasis.Rd: phylo4-class, phylo4d-class
orthogram.Rd: phylo4-class, phylo4d-class
ppca.Rd: phylo4d-class, phylo4-class
proxTips.Rd: phylo4-class, phylo4d-class
sp.tips.Rd: phylo4-class, phylo4d-class
table.phylo4d.Rd: phylo4d-class
treePart.Rd: phylo4-class, phylo4d-class
Please provide package anchors for all Rd \link{} targets not in the
package itself and the base packages.
Flavors: r-devel-linux-x86_64-debian-clang, r-devel-linux-x86_64-debian-gcc, r-devel-windows-x86_64
These binaries (installable software) and packages are in development.
They may not be fully stable and should be used with caution. We make no claims about them.