Last updated on 2025-06-28 11:48:18 CEST.
Flavor | Version | Tinstall | Tcheck | Ttotal | Status | Flags |
---|---|---|---|---|---|---|
r-devel-linux-x86_64-debian-clang | 1.1 | 75.51 | 30.06 | 105.57 | OK | |
r-devel-linux-x86_64-debian-gcc | 1.1 | 57.03 | 23.25 | 80.28 | OK | |
r-devel-linux-x86_64-fedora-clang | 1.1 | 166.01 | OK | |||
r-devel-linux-x86_64-fedora-gcc | 1.1 | 159.80 | OK | |||
r-devel-windows-x86_64 | 1.1 | 70.00 | 50.00 | 120.00 | OK | |
r-patched-linux-x86_64 | OK | |||||
r-release-linux-x86_64 | 1.1 | 72.46 | 28.21 | 100.67 | OK | |
r-release-macos-arm64 | 1.1 | 78.00 | OK | |||
r-release-macos-x86_64 | 1.1 | 115.00 | OK | |||
r-release-windows-x86_64 | 1.1 | 69.00 | 49.00 | 118.00 | OK | |
r-oldrel-macos-arm64 | 1.1 | 84.00 | NOTE | |||
r-oldrel-macos-x86_64 | 1.1 | 91.00 | NOTE | |||
r-oldrel-windows-x86_64 | 1.1 | 76.00 | 58.00 | 134.00 | NOTE |
Version: 1.1
Check: installed package size
Result: NOTE
installed size is 10.4Mb
sub-directories of 1Mb or more:
data 10.2Mb
Flavors: r-oldrel-macos-arm64, r-oldrel-macos-x86_64, r-oldrel-windows-x86_64
These binaries (installable software) and packages are in development.
They may not be fully stable and should be used with caution. We make no claims about them.