CRAN Package Check Results for Package adeptdata

Last updated on 2025-07-26 07:50:15 CEST.

Flavor Version Tinstall Tcheck Ttotal Status Flags
r-devel-linux-x86_64-debian-clang 1.1 66.65 30.62 97.27 OK
r-devel-linux-x86_64-debian-gcc 1.1 58.20 23.75 81.95 OK
r-devel-linux-x86_64-fedora-clang 1.1 158.10 OK
r-devel-linux-x86_64-fedora-gcc 1.1 166.70 OK
r-devel-windows-x86_64 1.1 69.00 58.00 127.00 OK
r-patched-linux-x86_64 1.1 65.65 28.48 94.13 OK
r-release-linux-x86_64 1.1 68.89 28.04 96.93 OK
r-release-macos-arm64 1.1 78.00 OK
r-release-macos-x86_64 1.1 115.00 OK
r-release-windows-x86_64 1.1 69.00 60.00 129.00 OK
r-oldrel-macos-arm64 1.1 84.00 NOTE
r-oldrel-macos-x86_64 1.1 91.00 NOTE
r-oldrel-windows-x86_64 1.1 72.00 56.00 128.00 NOTE

Check Details

Version: 1.1
Check: installed package size
Result: NOTE installed size is 10.4Mb sub-directories of 1Mb or more: data 10.2Mb Flavors: r-oldrel-macos-arm64, r-oldrel-macos-x86_64, r-oldrel-windows-x86_64

These binaries (installable software) and packages are in development.
They may not be fully stable and should be used with caution. We make no claims about them.