Last updated on 2025-07-22 19:51:42 CEST.
Flavor | Version | Tinstall | Tcheck | Ttotal | Status | Flags |
---|---|---|---|---|---|---|
r-devel-linux-x86_64-debian-clang | 2.2.1 | 35.76 | 195.88 | 231.64 | NOTE | |
r-devel-linux-x86_64-debian-gcc | 2.2.1 | 23.52 | 142.09 | 165.61 | NOTE | |
r-devel-linux-x86_64-fedora-clang | 2.2.1 | 354.62 | OK | |||
r-devel-linux-x86_64-fedora-gcc | 2.2.1 | 328.35 | OK | |||
r-devel-windows-x86_64 | 2.2.1 | 31.00 | 186.00 | 217.00 | OK | |
r-patched-linux-x86_64 | 2.2.1 | 31.22 | 180.75 | 211.97 | OK | |
r-release-linux-x86_64 | 2.2.1 | 29.51 | 179.41 | 208.92 | OK | |
r-release-macos-arm64 | 2.2.1 | 83.00 | OK | |||
r-release-macos-x86_64 | 2.2.1 | 148.00 | OK | |||
r-release-windows-x86_64 | 2.2.1 | 33.00 | 194.00 | 227.00 | OK | |
r-oldrel-macos-arm64 | 2.2.1 | 82.00 | OK | |||
r-oldrel-macos-x86_64 | 2.2.1 | 126.00 | OK | |||
r-oldrel-windows-x86_64 | 2.2.1 | 43.00 | 253.00 | 296.00 | OK |
Version: 2.2.1
Check: CRAN incoming feasibility
Result: NOTE
Maintainer: ‘Sandrine Pavoine <sandrine.pavoine@mnhn.fr>’
No Authors@R field in DESCRIPTION.
Please add one, modifying
Authors@R: person(given = "Sandrine",
family = "Pavoine",
role = c("aut", "cre"),
email = "sandrine.pavoine@mnhn.fr")
as necessary.
Flavors: r-devel-linux-x86_64-debian-clang, r-devel-linux-x86_64-debian-gcc
These binaries (installable software) and packages are in development.
They may not be fully stable and should be used with caution. We make no claims about them.