CRAN Package Check Results for Package adjROC

Last updated on 2025-10-23 17:50:40 CEST.

Flavor Version Tinstall Tcheck Ttotal Status Flags
r-devel-linux-x86_64-debian-clang 0.3 5.46 67.43 72.89 NOTE
r-devel-linux-x86_64-debian-gcc 0.3 3.86 49.63 53.49 NOTE
r-devel-linux-x86_64-fedora-clang 0.3 14.00 101.16 115.16 OK
r-devel-linux-x86_64-fedora-gcc 0.3 14.00 100.42 114.42 OK
r-devel-windows-x86_64 0.3 7.00 84.00 91.00 OK
r-patched-linux-x86_64 0.3 4.79 64.35 69.14 OK
r-release-linux-x86_64 0.3 6.22 65.01 71.23 OK
r-release-macos-arm64 0.3 2.00 29.00 31.00 OK
r-release-macos-x86_64 0.3 4.00 80.00 84.00 OK
r-release-windows-x86_64 0.3 8.00 87.00 95.00 OK
r-oldrel-macos-arm64 0.3 2.00 29.00 31.00 OK
r-oldrel-macos-x86_64 0.3 3.00 42.00 45.00 OK
r-oldrel-windows-x86_64 0.3 9.00 106.00 115.00 OK

Check Details

Version: 0.3
Check: CRAN incoming feasibility
Result: NOTE Maintainer: ‘E. F. Haghish <haghish@uio.no>’ No Authors@R field in DESCRIPTION. Please add one, modifying Authors@R: person(given = c("E.", "F."), family = "Haghish", role = c("aut", "cre"), email = "haghish@uio.no") as necessary. Flavors: r-devel-linux-x86_64-debian-clang, r-devel-linux-x86_64-debian-gcc

These binaries (installable software) and packages are in development.
They may not be fully stable and should be used with caution. We make no claims about them.