CRAN Package Check Results for Package adjSURVCI

Last updated on 2025-07-21 15:50:56 CEST.

Flavor Version Tinstall Tcheck Ttotal Status Flags
r-devel-linux-x86_64-debian-clang 1.0 58.22 66.17 124.39 OK
r-devel-linux-x86_64-debian-gcc 1.0 35.67 49.43 85.10 OK
r-devel-linux-x86_64-fedora-clang 1.0 190.17 OK
r-devel-linux-x86_64-fedora-gcc 1.0 189.83 OK
r-devel-windows-x86_64 1.0 51.00 87.00 138.00 OK
r-patched-linux-x86_64 1.0 49.09 62.25 111.34 OK
r-release-linux-x86_64 1.0 46.87 62.53 109.40 OK
r-release-macos-arm64 1.0 64.00 OK
r-release-macos-x86_64 1.0 145.00 OK
r-release-windows-x86_64 1.0 51.00 92.00 143.00 OK
r-oldrel-macos-arm64 1.0 54.00 NOTE
r-oldrel-macos-x86_64 1.0 73.00 NOTE
r-oldrel-windows-x86_64 1.0 66.00 116.00 182.00 OK

Check Details

Version: 1.0
Check: installed package size
Result: NOTE installed size is 6.3Mb sub-directories of 1Mb or more: libs 6.1Mb Flavors: r-oldrel-macos-arm64, r-oldrel-macos-x86_64

These binaries (installable software) and packages are in development.
They may not be fully stable and should be used with caution. We make no claims about them.