Last updated on 2025-02-16 10:50:41 CET.
Flavor | Version | Tinstall | Tcheck | Ttotal | Status | Flags |
---|---|---|---|---|---|---|
r-devel-linux-x86_64-debian-clang | 0.6.10 | 31.67 | 173.43 | 205.10 | OK | |
r-devel-linux-x86_64-debian-gcc | 0.6.10 | 23.04 | 124.38 | 147.42 | OK | |
r-devel-linux-x86_64-fedora-clang | 0.6.10 | 362.31 | OK | |||
r-devel-linux-x86_64-fedora-gcc | 0.6.10 | 347.90 | OK | |||
r-devel-macos-arm64 | 0.6.10 | 76.00 | OK | |||
r-devel-macos-x86_64 | 0.6.10 | 149.00 | OK | |||
r-devel-windows-x86_64 | 0.6.10 | 36.00 | 180.00 | 216.00 | OK | |
r-patched-linux-x86_64 | 0.6.10 | 31.36 | 155.70 | 187.06 | OK | |
r-release-linux-x86_64 | 0.6.10 | 31.94 | 157.28 | 189.22 | OK | |
r-release-macos-arm64 | 0.6.10 | 98.00 | OK | |||
r-release-macos-x86_64 | 0.6.10 | 200.00 | OK | |||
r-release-windows-x86_64 | 0.6.10 | 34.00 | 183.00 | 217.00 | OK | |
r-oldrel-macos-arm64 | 0.6.10 | 81.00 | NOTE | |||
r-oldrel-macos-x86_64 | 0.6.10 | 146.00 | NOTE | |||
r-oldrel-windows-x86_64 | 0.6.10 | 45.00 | 232.00 | 277.00 | OK |
Version: 0.6.10
Check: package dependencies
Result: NOTE
Packages suggested but not available for checking: 'HiTC', 'snpStats'
Flavor: r-oldrel-macos-arm64
Version: 0.6.10
Check: Rd cross-references
Result: NOTE
Package unavailable to check Rd xrefs: ‘snpStats’
Flavor: r-oldrel-macos-arm64
Version: 0.6.10
Check: package dependencies
Result: NOTE
Package suggested but not available for checking: ‘HiTC’
Flavor: r-oldrel-macos-x86_64
These binaries (installable software) and packages are in development.
They may not be fully stable and should be used with caution. We make no claims about them.