CRAN Package Check Results for Package adklakedata

Last updated on 2025-02-23 13:51:03 CET.

Flavor Version Tinstall Tcheck Ttotal Status Flags
r-devel-linux-x86_64-debian-clang 0.6.1 1.83 21.83 23.66 NOTE
r-devel-linux-x86_64-debian-gcc 0.6.1 1.47 18.11 19.58 NOTE
r-devel-linux-x86_64-fedora-clang 0.6.1 36.31 OK
r-devel-linux-x86_64-fedora-gcc 0.6.1 34.88 OK
r-devel-macos-arm64 0.6.1 18.00 OK
r-devel-macos-x86_64 0.6.1 28.00 OK
r-devel-windows-x86_64 0.6.1 3.00 45.00 48.00 OK
r-patched-linux-x86_64 0.6.1 1.91 20.00 21.91 NOTE
r-release-linux-x86_64 0.6.1 1.80 20.10 21.90 NOTE
r-release-macos-arm64 0.6.1 17.00 NOTE
r-release-macos-x86_64 0.6.1 24.00 NOTE
r-release-windows-x86_64 0.6.1 3.00 43.00 46.00 NOTE
r-oldrel-macos-arm64 0.6.1 17.00 NOTE
r-oldrel-macos-x86_64 0.6.1 22.00 NOTE
r-oldrel-windows-x86_64 0.6.1 4.00 47.00 51.00 NOTE

Check Details

Version: 0.6.1
Check: for unstated dependencies in ‘demo’
Result: NOTE '::' or ':::' import not declared from: ‘devtools’ 'library' or 'require' calls not declared from: ‘ggmap’ ‘gridExtra’ ‘magick’ Flavors: r-devel-linux-x86_64-debian-clang, r-devel-linux-x86_64-debian-gcc

Version: 0.6.1
Check: LazyData
Result: NOTE 'LazyData' is specified without a 'data' directory Flavors: r-patched-linux-x86_64, r-release-linux-x86_64, r-release-macos-arm64, r-release-macos-x86_64, r-release-windows-x86_64, r-oldrel-macos-arm64, r-oldrel-macos-x86_64, r-oldrel-windows-x86_64

These binaries (installable software) and packages are in development.
They may not be fully stable and should be used with caution. We make no claims about them.