Last updated on 2024-07-27 15:50:10 CEST.
Flavor | Version | Tinstall | Tcheck | Ttotal | Status | Flags |
---|---|---|---|---|---|---|
r-devel-linux-x86_64-debian-clang | 0.6.1 | 2.40 | 27.12 | 29.52 | NOTE | |
r-devel-linux-x86_64-debian-gcc | 0.6.1 | NOTE | ||||
r-devel-linux-x86_64-fedora-clang | 0.6.1 | 36.96 | NOTE | |||
r-devel-linux-x86_64-fedora-gcc | 0.6.1 | 34.04 | NOTE | |||
r-devel-windows-x86_64 | 0.6.1 | 3.00 | 44.00 | 47.00 | NOTE | |
r-patched-linux-x86_64 | 0.6.1 | NOTE | ||||
r-release-linux-x86_64 | 0.6.1 | 2.20 | 25.47 | 27.67 | NOTE | |
r-release-macos-arm64 | 0.6.1 | 17.00 | NOTE | |||
r-release-macos-x86_64 | 0.6.1 | 24.00 | NOTE | |||
r-release-windows-x86_64 | 0.6.1 | 3.00 | 45.00 | 48.00 | NOTE | |
r-oldrel-macos-arm64 | 0.6.1 | 17.00 | NOTE | |||
r-oldrel-macos-x86_64 | 0.6.1 | 22.00 | NOTE | |||
r-oldrel-windows-x86_64 | 0.6.1 | 3.00 | 49.00 | 52.00 | NOTE |
Version: 0.6.1
Check: LazyData
Result: NOTE
'LazyData' is specified without a 'data' directory
Flavors: r-devel-linux-x86_64-debian-clang, r-devel-linux-x86_64-debian-gcc, r-devel-linux-x86_64-fedora-clang, r-devel-linux-x86_64-fedora-gcc, r-devel-windows-x86_64, r-patched-linux-x86_64, r-release-linux-x86_64, r-release-macos-arm64, r-release-macos-x86_64, r-release-windows-x86_64, r-oldrel-macos-arm64, r-oldrel-macos-x86_64, r-oldrel-windows-x86_64
These binaries (installable software) and packages are in development.
They may not be fully stable and should be used with caution. We make no claims about them.