Last updated on 2025-05-01 12:49:22 CEST.
Flavor | Version | Tinstall | Tcheck | Ttotal | Status | Flags |
---|---|---|---|---|---|---|
r-devel-linux-x86_64-debian-clang | 1.2.0 | 16.38 | 534.81 | 551.19 | NOTE | |
r-devel-linux-x86_64-debian-gcc | 1.2.0 | 11.01 | 363.00 | 374.01 | OK | |
r-devel-linux-x86_64-fedora-clang | 1.2.0 | 832.65 | OK | |||
r-devel-linux-x86_64-fedora-gcc | 1.2.0 | 814.90 | OK | |||
r-devel-windows-x86_64 | 1.2.0 | 19.00 | 497.00 | 516.00 | OK | |
r-patched-linux-x86_64 | 1.2.0 | 22.68 | 499.71 | 522.39 | OK | |
r-release-linux-x86_64 | OK | |||||
r-release-macos-arm64 | 1.2.0 | 218.00 | OK | |||
r-release-macos-x86_64 | 1.2.0 | 460.00 | OK | |||
r-release-windows-x86_64 | 1.2.0 | 19.00 | 499.00 | 518.00 | OK | |
r-oldrel-macos-arm64 | 1.2.0 | 241.00 | OK | |||
r-oldrel-macos-x86_64 | 1.2.0 | 556.00 | OK | |||
r-oldrel-windows-x86_64 | 1.2.0 | 25.00 | 685.00 | 710.00 | OK |
Version: 1.2.0
Check: examples
Result: NOTE
Examples with CPU (user + system) or elapsed time > 5s
user system elapsed
derive_var_joined_exist_flag 7.882 0.008 9.835
derive_vars_joined 5.163 0.000 6.658
filter_joined 5.035 0.020 7.329
derive_param_tte 4.712 0.000 6.444
Flavor: r-devel-linux-x86_64-debian-clang
Version: 1.2.0
Check: examples
Result: NA
user system elapsed
derive_var_joined_exist_flag 5.29 0.022 6.778
OK
Flavor: r-devel-linux-x86_64-debian-gcc
These binaries (installable software) and packages are in development.
They may not be fully stable and should be used with caution. We make no claims about them.