Last updated on 2024-07-27 15:50:10 CEST.
Flavor | Version | Tinstall | Tcheck | Ttotal | Status | Flags |
---|---|---|---|---|---|---|
r-devel-linux-x86_64-debian-clang | 1.1.0 | 8.91 | 90.47 | 99.38 | OK | |
r-devel-linux-x86_64-debian-gcc | 1.1.0 | OK | ||||
r-devel-linux-x86_64-fedora-clang | 1.1.0 | 138.08 | OK | |||
r-devel-linux-x86_64-fedora-gcc | 1.1.0 | 134.91 | OK | |||
r-devel-windows-x86_64 | 1.1.0 | 11.00 | 89.00 | 100.00 | OK | |
r-patched-linux-x86_64 | 1.1.0 | NOTE | ||||
r-release-linux-x86_64 | 1.1.0 | 6.50 | 89.21 | 95.71 | NOTE | |
r-release-macos-arm64 | 1.1.0 | 56.00 | NOTE | |||
r-release-macos-x86_64 | 1.1.0 | 133.00 | NOTE | |||
r-release-windows-x86_64 | 1.1.0 | 12.00 | 88.00 | 100.00 | NOTE | |
r-oldrel-macos-arm64 | 1.1.0 | 10.00 | ERROR | |||
r-oldrel-macos-x86_64 | 1.1.0 | 12.00 | ERROR | |||
r-oldrel-windows-x86_64 | 1.1.0 | 17.00 | 102.00 | 119.00 | NOTE |
Version: 1.1.0
Check: DESCRIPTION meta-information
Result: NOTE
Packages listed in more than one of Depends, Imports, Suggests, Enhances:
‘lintr’ ‘pharmaversesdtm’ ‘pkgdown’ ‘testthat’
A package should be listed in only one of these fields.
Flavors: r-patched-linux-x86_64, r-release-linux-x86_64, r-release-macos-arm64, r-release-macos-x86_64, r-release-windows-x86_64, r-oldrel-windows-x86_64
Version: 1.1.0
Check: package dependencies
Result: ERROR
Package required and available but unsuitable version: ‘admiral’
See section ‘The DESCRIPTION file’ in the ‘Writing R Extensions’
manual.
Flavors: r-oldrel-macos-arm64, r-oldrel-macos-x86_64
These binaries (installable software) and packages are in development.
They may not be fully stable and should be used with caution. We make no claims about them.