Last updated on 2024-07-27 15:50:10 CEST.
Flavor | Version | Tinstall | Tcheck | Ttotal | Status | Flags |
---|---|---|---|---|---|---|
r-devel-linux-x86_64-debian-clang | 0.35 | 8.34 | 74.68 | 83.02 | NOTE | |
r-devel-linux-x86_64-debian-gcc | 0.35 | NOTE | ||||
r-devel-linux-x86_64-fedora-clang | 0.35 | 110.03 | NOTE | |||
r-devel-linux-x86_64-fedora-gcc | 0.35 | 94.42 | NOTE | |||
r-devel-windows-x86_64 | 0.35 | 11.00 | 83.00 | 94.00 | NOTE | |
r-patched-linux-x86_64 | 0.35 | OK | ||||
r-release-linux-x86_64 | 0.35 | 7.18 | 69.67 | 76.85 | OK | |
r-release-macos-arm64 | 0.35 | 29.00 | OK | |||
r-release-macos-x86_64 | 0.35 | 45.00 | OK | |||
r-release-windows-x86_64 | 0.35 | 12.00 | 82.00 | 94.00 | OK | |
r-oldrel-macos-arm64 | 0.35 | 50.00 | OK | |||
r-oldrel-macos-x86_64 | 0.35 | 107.00 | OK | |||
r-oldrel-windows-x86_64 | 0.35 | 9.00 | 90.00 | 99.00 | OK |
Version: 0.35
Check: compiled code
Result: NOTE
File ‘admisc/libs/admisc.so’:
Found non-API calls to R: ‘ENVFLAGS’, ‘SET_ENVFLAGS’
Compiled code should not call non-API entry points in R.
See ‘Writing portable packages’ in the ‘Writing R Extensions’ manual,
and section ‘Moving into C API compliance’ for issues with the use of
non-API entry points.
Flavors: r-devel-linux-x86_64-debian-clang, r-devel-linux-x86_64-debian-gcc, r-devel-linux-x86_64-fedora-clang, r-devel-linux-x86_64-fedora-gcc
Version: 0.35
Check: compiled code
Result: NOTE
File 'admisc/libs/x64/admisc.dll':
Found non-API calls to R: 'ENVFLAGS', 'SET_ENVFLAGS'
Compiled code should not call non-API entry points in R.
See 'Writing portable packages' in the 'Writing R Extensions' manual,
and section 'Moving into C API compliance' for issues with the use of
non-API entry points.
Flavor: r-devel-windows-x86_64
These binaries (installable software) and packages are in development.
They may not be fully stable and should be used with caution. We make no claims about them.