Last updated on 2025-02-02 14:48:18 CET.
Flavor | Version | Tinstall | Tcheck | Ttotal | Status | Flags |
---|---|---|---|---|---|---|
r-devel-linux-x86_64-debian-clang | 1.1.2 | 20.56 | 129.49 | 150.05 | OK | |
r-devel-linux-x86_64-debian-gcc | 1.1.2 | 17.39 | 96.40 | 113.79 | OK | |
r-devel-linux-x86_64-fedora-clang | 1.1.2 | 256.00 | OK | |||
r-devel-linux-x86_64-fedora-gcc | 1.1.2 | 238.68 | OK | |||
r-devel-windows-x86_64 | 1.1.2 | 19.00 | 126.00 | 145.00 | OK | |
r-patched-linux-x86_64 | 1.1.2 | 25.34 | 126.19 | 151.53 | NOTE | |
r-release-linux-x86_64 | 1.1.2 | 22.70 | 126.12 | 148.82 | NOTE | |
r-release-macos-arm64 | 1.1.2 | 61.00 | NOTE | |||
r-release-macos-x86_64 | 1.1.2 | 87.00 | NOTE | |||
r-release-windows-x86_64 | 1.1.2 | 18.00 | 125.00 | 143.00 | NOTE | |
r-oldrel-macos-arm64 | 1.1.2 | 54.00 | NOTE | |||
r-oldrel-macos-x86_64 | 1.1.2 | 84.00 | NOTE | |||
r-oldrel-windows-x86_64 | 1.1.2 | 21.00 | 150.00 | 171.00 | NOTE |
Version: 1.1.2
Check: LazyData
Result: NOTE
'LazyData' is specified without a 'data' directory
Flavors: r-patched-linux-x86_64, r-release-linux-x86_64, r-release-macos-arm64, r-release-macos-x86_64, r-release-windows-x86_64, r-oldrel-macos-arm64, r-oldrel-macos-x86_64, r-oldrel-windows-x86_64
These binaries (installable software) and packages are in development.
They may not be fully stable and should be used with caution. We make no claims about them.