Last updated on 2025-10-23 21:51:19 CEST.
Flavor | Version | Tinstall | Tcheck | Ttotal | Status | Flags |
---|---|---|---|---|---|---|
r-devel-linux-x86_64-debian-clang | 1.1.1 | 8.39 | 295.90 | 304.29 | NOTE | |
r-devel-linux-x86_64-debian-gcc | 1.1.1 | 5.86 | 170.85 | 176.71 | OK | |
r-devel-linux-x86_64-fedora-clang | 1.1.1 | 17.00 | 458.55 | 475.55 | OK | |
r-devel-linux-x86_64-fedora-gcc | 1.1.1 | 15.00 | 460.56 | 475.56 | OK | |
r-devel-windows-x86_64 | 1.1.1 | 8.00 | 252.00 | 260.00 | OK | |
r-patched-linux-x86_64 | 1.1.1 | 7.17 | 280.92 | 288.09 | OK | |
r-release-linux-x86_64 | 1.1.1 | 6.57 | 279.85 | 286.42 | OK | |
r-release-macos-arm64 | 1.1.1 | 3.00 | 111.00 | 114.00 | OK | |
r-release-macos-x86_64 | 1.1.1 | 6.00 | 285.00 | 291.00 | OK | |
r-release-windows-x86_64 | 1.1.1 | 9.00 | 249.00 | 258.00 | OK | |
r-oldrel-macos-arm64 | 1.1.1 | 3.00 | 129.00 | 132.00 | OK | |
r-oldrel-macos-x86_64 | 1.1.1 | 6.00 | 282.00 | 288.00 | OK | |
r-oldrel-windows-x86_64 | 1.1.1 | 13.00 | 364.00 | 377.00 | OK |
Version: 1.1.1
Check: HTML version of manual
Result: NOTE
Found the following HTML validation problems:
print.adoptrOptimizationResult.html:50:1 (print.adoptrOptimizationResult.Rd:11): Warning: missing </ul> before </div>
Flavor: r-devel-linux-x86_64-debian-clang
These binaries (installable software) and packages are in development.
They may not be fully stable and should be used with caution. We make no claims about them.