Last updated on 2025-07-02 01:51:31 CEST.
Flavor | Version | Tinstall | Tcheck | Ttotal | Status | Flags |
---|---|---|---|---|---|---|
r-devel-linux-x86_64-debian-clang | 0.1.8 | 4.39 | 36.32 | 40.71 | OK | |
r-devel-linux-x86_64-debian-gcc | 0.1.8 | 3.35 | 28.50 | 31.85 | OK | |
r-devel-linux-x86_64-fedora-clang | 0.1.8 | 66.08 | NOTE | |||
r-devel-linux-x86_64-fedora-gcc | 0.1.8 | 79.64 | NOTE | |||
r-devel-windows-x86_64 | 0.1.8 | 8.00 | 59.00 | 67.00 | OK | |
r-patched-linux-x86_64 | OK | |||||
r-release-linux-x86_64 | 0.1.8 | 4.35 | 34.39 | 38.74 | OK | |
r-release-macos-arm64 | 0.1.8 | 35.00 | OK | |||
r-release-macos-x86_64 | 0.1.8 | 47.00 | OK | |||
r-release-windows-x86_64 | 0.1.8 | 9.00 | 58.00 | 67.00 | OK | |
r-oldrel-macos-arm64 | 0.1.8 | 30.00 | NOTE | |||
r-oldrel-macos-x86_64 | 0.1.8 | 41.00 | NOTE | |||
r-oldrel-windows-x86_64 | 0.1.8 | 9.00 | 69.00 | 78.00 | NOTE |
Version: 0.1.8
Check: dependencies in R code
Result: NOTE
Namespaces in Imports field not imported from:
‘BayesFactor’ ‘GGally’ ‘Hmisc’ ‘WRS2’ ‘boot’ ‘car’ ‘dplyr’ ‘effects’
‘effsize’ ‘forcats’ ‘ggplot2’ ‘lm.beta’ ‘nlme’ ‘readr’ ‘robust’
‘sandwich’ ‘sjstats’ ‘tidyr’
All declared Imports should be used.
Flavors: r-devel-linux-x86_64-fedora-clang, r-devel-linux-x86_64-fedora-gcc
Version: 0.1.8
Check: installed package size
Result: NOTE
installed size is 5.7Mb
sub-directories of 1Mb or more:
tutorials 5.5Mb
Flavors: r-oldrel-macos-arm64, r-oldrel-macos-x86_64, r-oldrel-windows-x86_64
These binaries (installable software) and packages are in development.
They may not be fully stable and should be used with caution. We make no claims about them.