CRAN Package Check Results for Package adventr

Last updated on 2025-11-11 15:50:27 CET.

Flavor Version Tinstall Tcheck Ttotal Status Flags
r-devel-linux-x86_64-debian-clang 0.1.8 3.43 38.12 41.55 OK
r-devel-linux-x86_64-debian-gcc 0.1.8 3.32 29.50 32.82 OK
r-devel-linux-x86_64-fedora-clang 0.1.8 21.00 48.28 69.28 NOTE
r-devel-linux-x86_64-fedora-gcc 0.1.8 74.87 NOTE
r-devel-windows-x86_64 0.1.8 9.00 57.00 66.00 OK
r-patched-linux-x86_64 0.1.8 4.28 36.62 40.90 OK
r-release-linux-x86_64 0.1.8 3.78 36.10 39.88 OK
r-release-macos-arm64 0.1.8 3.00 32.00 35.00 OK
r-release-macos-x86_64 0.1.8 3.00 44.00 47.00 OK
r-release-windows-x86_64 0.1.8 10.00 56.00 66.00 OK
r-oldrel-macos-arm64 0.1.8 2.00 28.00 30.00 NOTE
r-oldrel-macos-x86_64 0.1.8 3.00 38.00 41.00 NOTE
r-oldrel-windows-x86_64 0.1.8 12.00 66.00 78.00 NOTE

Check Details

Version: 0.1.8
Check: dependencies in R code
Result: NOTE Namespaces in Imports field not imported from: ‘BayesFactor’ ‘GGally’ ‘Hmisc’ ‘WRS2’ ‘boot’ ‘car’ ‘dplyr’ ‘effects’ ‘effsize’ ‘forcats’ ‘ggplot2’ ‘lm.beta’ ‘nlme’ ‘readr’ ‘robust’ ‘sandwich’ ‘sjstats’ ‘tidyr’ All declared Imports should be used. Flavors: r-devel-linux-x86_64-fedora-clang, r-devel-linux-x86_64-fedora-gcc

Version: 0.1.8
Check: installed package size
Result: NOTE installed size is 5.7Mb sub-directories of 1Mb or more: tutorials 5.5Mb Flavors: r-oldrel-macos-arm64, r-oldrel-macos-x86_64, r-oldrel-windows-x86_64

These binaries (installable software) and packages are in development.
They may not be fully stable and should be used with caution. We make no claims about them.