CRAN Package Check Results for Package adwordsR

Last updated on 2025-10-23 21:51:19 CEST.

Flavor Version Tinstall Tcheck Ttotal Status Flags
r-devel-linux-x86_64-debian-clang 0.3.1 2.34 23.15 25.49 OK
r-devel-linux-x86_64-debian-gcc 0.3.1 1.67 18.10 19.77 OK
r-devel-linux-x86_64-fedora-clang 0.3.1 36.16 OK
r-devel-linux-x86_64-fedora-gcc 0.3.1 35.53 OK
r-devel-windows-x86_64 0.3.1 4.00 44.00 48.00 OK
r-patched-linux-x86_64 0.3.1 2.71 21.88 24.59 OK
r-release-linux-x86_64 0.3.1 1.95 21.61 23.56 OK
r-release-macos-arm64 0.3.1 1.00 18.00 19.00 OK
r-release-macos-x86_64 0.3.1 2.00 24.00 26.00 OK
r-release-windows-x86_64 0.3.1 3.00 49.00 52.00 OK
r-oldrel-macos-arm64 0.3.1 1.00 15.00 16.00 NOTE
r-oldrel-macos-x86_64 0.3.1 2.00 19.00 21.00 NOTE
r-oldrel-windows-x86_64 0.3.1 4.00 50.00 54.00 NOTE

Check Details

Version: 0.3.1
Check: LazyData
Result: NOTE 'LazyData' is specified without a 'data' directory Flavors: r-oldrel-macos-arm64, r-oldrel-macos-x86_64, r-oldrel-windows-x86_64

These binaries (installable software) and packages are in development.
They may not be fully stable and should be used with caution. We make no claims about them.