CRAN Package Check Results for Package adwordsR

Last updated on 2025-11-13 03:50:54 CET.

Flavor Version Tinstall Tcheck Ttotal Status Flags
r-devel-linux-x86_64-debian-clang 0.3.1 2.11 23.03 25.14 OK
r-devel-linux-x86_64-debian-gcc 0.3.1 1.78 18.46 20.24 OK
r-devel-linux-x86_64-fedora-clang 0.3.1 36.53 OK
r-devel-linux-x86_64-fedora-gcc 0.3.1 34.72 OK
r-devel-windows-x86_64 0.3.1 3.00 45.00 48.00 OK
r-patched-linux-x86_64 0.3.1 2.51 21.64 24.15 OK
r-release-linux-x86_64 0.3.1 2.14 21.60 23.74 OK
r-release-macos-arm64 0.3.1 1.00 18.00 19.00 OK
r-release-macos-x86_64 0.3.1 2.00 24.00 26.00 OK
r-release-windows-x86_64 0.3.1 3.00 50.00 53.00 OK
r-oldrel-macos-arm64 0.3.1 1.00 15.00 16.00 NOTE
r-oldrel-macos-x86_64 0.3.1 2.00 19.00 21.00 NOTE
r-oldrel-windows-x86_64 0.3.1 3.00 50.00 53.00 NOTE

Check Details

Version: 0.3.1
Check: LazyData
Result: NOTE 'LazyData' is specified without a 'data' directory Flavors: r-oldrel-macos-arm64, r-oldrel-macos-x86_64, r-oldrel-windows-x86_64

These binaries (installable software) and packages are in development.
They may not be fully stable and should be used with caution. We make no claims about them.