CRAN Package Check Results for Package adwordsR

Last updated on 2025-02-19 16:50:40 CET.

Flavor Version Tinstall Tcheck Ttotal Status Flags
r-devel-linux-x86_64-debian-clang 0.3.1 2.20 20.17 22.37 OK
r-devel-linux-x86_64-debian-gcc 0.3.1 1.63 15.79 17.42 OK
r-devel-linux-x86_64-fedora-clang 0.3.1 35.33 OK
r-devel-linux-x86_64-fedora-gcc 0.3.1 34.15 OK
r-devel-macos-arm64 0.3.1 18.00 OK
r-devel-macos-x86_64 0.3.1 24.00 OK
r-devel-windows-x86_64 0.3.1 4.00 45.00 49.00 OK
r-patched-linux-x86_64 0.3.1 2.30 19.37 21.67 NOTE
r-release-linux-x86_64 0.3.1 1.86 19.22 21.08 NOTE
r-release-macos-arm64 0.3.1 16.00 NOTE
r-release-macos-x86_64 0.3.1 21.00 NOTE
r-release-windows-x86_64 0.3.1 5.00 45.00 50.00 NOTE
r-oldrel-macos-arm64 0.3.1 18.00 NOTE
r-oldrel-macos-x86_64 0.3.1 21.00 NOTE
r-oldrel-windows-x86_64 0.3.1 4.00 48.00 52.00 NOTE

Check Details

Version: 0.3.1
Check: LazyData
Result: NOTE 'LazyData' is specified without a 'data' directory Flavors: r-patched-linux-x86_64, r-release-linux-x86_64, r-release-macos-arm64, r-release-macos-x86_64, r-release-windows-x86_64, r-oldrel-macos-arm64, r-oldrel-macos-x86_64, r-oldrel-windows-x86_64

These binaries (installable software) and packages are in development.
They may not be fully stable and should be used with caution. We make no claims about them.