Last updated on 2025-10-23 19:50:07 CEST.
Flavor | Version | Tinstall | Tcheck | Ttotal | Status | Flags |
---|---|---|---|---|---|---|
r-devel-linux-x86_64-debian-clang | 0.3.0 | 6.97 | 264.87 | 271.84 | NOTE | |
r-devel-linux-x86_64-debian-gcc | 0.3.0 | 5.08 | 175.67 | 180.75 | OK | |
r-devel-linux-x86_64-fedora-clang | 0.3.0 | 14.00 | 384.15 | 398.15 | OK | |
r-devel-linux-x86_64-fedora-gcc | 0.3.0 | 16.00 | 385.08 | 401.08 | OK | |
r-devel-windows-x86_64 | 0.3.0 | 9.00 | 212.00 | 221.00 | OK | |
r-patched-linux-x86_64 | 0.3.0 | 6.98 | 251.42 | 258.40 | OK | |
r-release-linux-x86_64 | 0.3.0 | 6.95 | 250.86 | 257.81 | OK | |
r-release-macos-arm64 | 0.3.0 | 2.00 | 92.00 | 94.00 | OK | |
r-release-macos-x86_64 | 0.3.0 | 5.00 | 288.00 | 293.00 | OK | |
r-release-windows-x86_64 | 0.3.0 | 9.00 | 210.00 | 219.00 | OK | |
r-oldrel-macos-arm64 | 0.3.0 | 2.00 | 98.00 | 100.00 | OK | |
r-oldrel-macos-x86_64 | 0.3.0 | 5.00 | 226.00 | 231.00 | OK | |
r-oldrel-windows-x86_64 | 0.3.0 | 11.00 | 294.00 | 305.00 | OK |
Version: 0.3.0
Check: HTML version of manual
Result: NOTE
Found the following HTML validation problems:
aedseo.html:48:1 (aedseo.Rd:10): Warning: missing </ul> before </div>
tsd.html:48:1 (tsd.Rd:10): Warning: missing </ul> before </div>
Flavor: r-devel-linux-x86_64-debian-clang
These binaries (installable software) and packages are in development.
They may not be fully stable and should be used with caution. We make no claims about them.