Last updated on 2025-05-01 12:49:22 CEST.
Flavor | Version | Tinstall | Tcheck | Ttotal | Status | Flags |
---|---|---|---|---|---|---|
r-devel-linux-x86_64-debian-clang | 0.3.0 | 6.54 | 249.65 | 256.19 | NOTE | |
r-devel-linux-x86_64-debian-gcc | 0.3.0 | 4.24 | 166.28 | 170.52 | OK | |
r-devel-linux-x86_64-fedora-clang | 0.3.0 | 422.34 | OK | |||
r-devel-linux-x86_64-fedora-gcc | 0.3.0 | 429.02 | OK | |||
r-devel-windows-x86_64 | 0.3.0 | 9.00 | 201.00 | 210.00 | OK | |
r-patched-linux-x86_64 | 0.3.0 | 6.96 | 233.90 | 240.86 | OK | |
r-release-linux-x86_64 | OK | |||||
r-release-macos-arm64 | 0.3.0 | 94.00 | OK | |||
r-release-macos-x86_64 | 0.3.0 | 293.00 | OK | |||
r-release-windows-x86_64 | 0.3.0 | 9.00 | 209.00 | 218.00 | OK | |
r-oldrel-macos-arm64 | 0.3.0 | 100.00 | OK | |||
r-oldrel-macos-x86_64 | 0.3.0 | 231.00 | OK | |||
r-oldrel-windows-x86_64 | 0.3.0 | 9.00 | 285.00 | 294.00 | OK |
Version: 0.3.0
Check: examples
Result: NOTE
Examples with CPU (user + system) or elapsed time > 5s
user system elapsed
autoplot 12.747 0.275 15.454
plot 10.007 0.036 14.582
predict.tsd_onset 8.817 0.011 12.454
historical_summary 6.255 0.012 8.240
consecutive_growth_warnings 5.181 0.011 6.195
Flavor: r-devel-linux-x86_64-debian-clang
Version: 0.3.0
Check: examples
Result: NA
user system elapsed
autoplot 7.557 0.219 10.594
plot 5.941 0.003 7.409
predict.tsd_onset 5.147 0.004 7.539
OK
Flavor: r-devel-linux-x86_64-debian-gcc
These binaries (installable software) and packages are in development.
They may not be fully stable and should be used with caution. We make no claims about them.