Last updated on 2025-02-16 12:53:28 CET.
Flavor | Version | Tinstall | Tcheck | Ttotal | Status | Flags |
---|---|---|---|---|---|---|
r-devel-linux-x86_64-debian-clang | 0.4.1 | 3.12 | 62.59 | 65.71 | NOTE | |
r-devel-linux-x86_64-debian-gcc | 0.4.1 | 2.11 | 47.10 | 49.21 | NOTE | |
r-devel-linux-x86_64-fedora-clang | 0.4.1 | 106.64 | NOTE | |||
r-devel-linux-x86_64-fedora-gcc | 0.4.1 | 115.87 | NOTE | |||
r-devel-macos-arm64 | 0.4.1 | 43.00 | OK | |||
r-devel-macos-x86_64 | 0.4.1 | 79.00 | NOTE | |||
r-devel-windows-x86_64 | 0.4.1 | 4.00 | 76.00 | 80.00 | NOTE | |
r-patched-linux-x86_64 | 0.4.1 | 3.19 | 58.65 | 61.84 | OK | |
r-release-linux-x86_64 | 0.4.1 | 2.95 | 58.32 | 61.27 | OK | |
r-release-macos-arm64 | 0.4.1 | 45.00 | OK | |||
r-release-macos-x86_64 | 0.4.1 | 77.00 | OK | |||
r-release-windows-x86_64 | 0.4.1 | 5.00 | 77.00 | 82.00 | OK | |
r-oldrel-macos-arm64 | 0.4.1 | 47.00 | OK | |||
r-oldrel-macos-x86_64 | 0.4.1 | 88.00 | OK | |||
r-oldrel-windows-x86_64 | 0.4.1 | 6.00 | 101.00 | 107.00 | OK |
Version: 0.4.1
Check: DESCRIPTION meta-information
Result: NOTE
Missing dependency on R >= 4.1.0 because package code uses the pipe
|> or function shorthand \(...) syntax added in R 4.1.0.
File(s) using such syntax:
‘colour_table.R’
Flavors: r-devel-linux-x86_64-debian-clang, r-devel-linux-x86_64-debian-gcc, r-devel-linux-x86_64-fedora-clang, r-devel-linux-x86_64-fedora-gcc, r-devel-macos-x86_64, r-devel-windows-x86_64
These binaries (installable software) and packages are in development.
They may not be fully stable and should be used with caution. We make no claims about them.