CRAN Package Check Results for Package afdx

Last updated on 2025-05-08 04:51:58 CEST.

Flavor Version Tinstall Tcheck Ttotal Status Flags
r-devel-linux-x86_64-debian-clang 1.1.1 4.33 66.55 70.88 NOTE
r-devel-linux-x86_64-debian-gcc 1.1.1 3.29 48.66 51.95 NOTE
r-devel-linux-x86_64-fedora-clang 1.1.1 106.39 NOTE
r-devel-linux-x86_64-fedora-gcc 1.1.1 116.49 NOTE
r-devel-windows-x86_64 1.1.1 7.00 83.00 90.00 NOTE
r-patched-linux-x86_64 1.1.1 4.99 62.03 67.02 NOTE
r-release-linux-x86_64 1.1.1 4.27 62.19 66.46 NOTE
r-release-macos-arm64 1.1.1 39.00 NOTE
r-release-macos-x86_64 1.1.1 73.00 NOTE
r-release-windows-x86_64 1.1.1 6.00 83.00 89.00 NOTE
r-oldrel-macos-arm64 1.1.1 40.00 NOTE
r-oldrel-macos-x86_64 1.1.1 60.00 NOTE
r-oldrel-windows-x86_64 1.1.1 8.00 98.00 106.00 NOTE

Check Details

Version: 1.1.1
Check: package subdirectories
Result: NOTE Problems with news in ‘NEWS.md’: No news entries found. Flavors: r-devel-linux-x86_64-debian-clang, r-devel-linux-x86_64-debian-gcc, r-devel-linux-x86_64-fedora-clang, r-devel-linux-x86_64-fedora-gcc, r-devel-windows-x86_64, r-patched-linux-x86_64, r-release-linux-x86_64, r-release-macos-arm64, r-release-macos-x86_64, r-release-windows-x86_64, r-oldrel-macos-arm64, r-oldrel-macos-x86_64, r-oldrel-windows-x86_64

These binaries (installable software) and packages are in development.
They may not be fully stable and should be used with caution. We make no claims about them.