Last updated on 2025-10-03 03:50:30 CEST.
Flavor | Version | Tinstall | Tcheck | Ttotal | Status | Flags |
---|---|---|---|---|---|---|
r-devel-linux-x86_64-debian-clang | 0.2.4 | 4.24 | 38.95 | 43.19 | NOTE | |
r-devel-linux-x86_64-debian-gcc | 0.2.4 | 2.86 | 29.65 | 32.51 | NOTE | |
r-devel-linux-x86_64-fedora-clang | 0.2.4 | 63.44 | NOTE | |||
r-devel-linux-x86_64-fedora-gcc | 0.2.4 | 61.63 | NOTE | |||
r-devel-windows-x86_64 | 0.2.4 | 7.00 | 56.00 | 63.00 | NOTE | |
r-patched-linux-x86_64 | 0.2.4 | 4.25 | 37.06 | 41.31 | NOTE | |
r-release-linux-x86_64 | 0.2.4 | 4.00 | 36.79 | 40.79 | NOTE | |
r-release-macos-arm64 | 0.2.4 | 27.00 | NOTE | |||
r-release-macos-x86_64 | 0.2.4 | 44.00 | NOTE | |||
r-release-windows-x86_64 | 0.2.4 | 6.00 | 57.00 | 63.00 | NOTE | |
r-oldrel-macos-arm64 | 0.2.4 | 24.00 | OK | |||
r-oldrel-macos-x86_64 | 0.2.4 | 32.00 | OK | |||
r-oldrel-windows-x86_64 | 0.2.4 | 6.00 | 68.00 | 74.00 | OK |
Version: 0.2.4
Check: DESCRIPTION meta-information
Result: NOTE
Missing dependency on R >= 4.1.0 because package code uses the pipe
|> or function shorthand \(...) syntax added in R 4.1.0.
File(s) using such syntax:
‘am_data.Rd’
Flavors: r-devel-linux-x86_64-debian-clang, r-devel-linux-x86_64-debian-gcc, r-devel-linux-x86_64-fedora-clang, r-devel-linux-x86_64-fedora-gcc, r-devel-windows-x86_64, r-patched-linux-x86_64, r-release-linux-x86_64, r-release-macos-arm64, r-release-macos-x86_64, r-release-windows-x86_64
These binaries (installable software) and packages are in development.
They may not be fully stable and should be used with caution. We make no claims about them.