Last updated on 2025-10-24 13:49:32 CEST.
| Flavor | Version | Tinstall | Tcheck | Ttotal | Status | Flags |
|---|---|---|---|---|---|---|
| r-devel-linux-x86_64-debian-clang | 1.0.2 | 4.76 | 55.54 | 60.30 | NOTE | |
| r-devel-linux-x86_64-debian-gcc | 1.0.2 | 3.23 | 41.29 | 44.52 | NOTE | |
| r-devel-linux-x86_64-fedora-clang | 1.0.2 | 91.00 | NOTE | |||
| r-devel-linux-x86_64-fedora-gcc | 1.0.2 | 10.00 | 91.34 | 101.34 | NOTE | |
| r-devel-windows-x86_64 | 1.0.2 | 7.00 | 69.00 | 76.00 | NOTE | |
| r-patched-linux-x86_64 | 1.0.2 | 4.46 | 51.11 | 55.57 | NOTE | |
| r-release-linux-x86_64 | 1.0.2 | 4.21 | 50.81 | 55.02 | NOTE | |
| r-release-macos-arm64 | 1.0.2 | 3.00 | 40.00 | 43.00 | NOTE | |
| r-release-macos-x86_64 | 1.0.2 | 5.00 | 75.00 | 80.00 | NOTE | |
| r-release-windows-x86_64 | 1.0.2 | 8.00 | 73.00 | 81.00 | NOTE | |
| r-oldrel-macos-arm64 | 1.0.2 | 3.00 | 39.00 | 42.00 | OK | |
| r-oldrel-macos-x86_64 | 1.0.2 | 9.00 | 125.00 | 134.00 | OK | |
| r-oldrel-windows-x86_64 | 1.0.2 | 9.00 | 87.00 | 96.00 | OK |
Version: 1.0.2
Check: DESCRIPTION meta-information
Result: NOTE
Missing dependency on R >= 4.1.0 because package code uses the pipe
|> or function shorthand \(...) syntax added in R 4.1.0.
File(s) using such syntax:
‘generate_workbook.Rd’
Flavors: r-devel-linux-x86_64-debian-clang, r-devel-linux-x86_64-debian-gcc, r-devel-linux-x86_64-fedora-clang, r-devel-linux-x86_64-fedora-gcc, r-devel-windows-x86_64, r-patched-linux-x86_64, r-release-linux-x86_64, r-release-macos-arm64, r-release-macos-x86_64, r-release-windows-x86_64
These binaries (installable software) and packages are in development.
They may not be fully stable and should be used with caution. We make no claims about them.