Last updated on 2025-02-16 10:50:41 CET.
Flavor | Version | Tinstall | Tcheck | Ttotal | Status | Flags |
---|---|---|---|---|---|---|
r-devel-linux-x86_64-debian-clang | 4.3.2.3 | 101.02 | 99.23 | 200.25 | OK | |
r-devel-linux-x86_64-debian-gcc | 4.3.2.3 | 44.07 | 72.75 | 116.82 | OK | |
r-devel-linux-x86_64-fedora-clang | 4.3.2.3 | 264.15 | OK | |||
r-devel-linux-x86_64-fedora-gcc | 4.3.2.3 | 267.51 | OK | |||
r-devel-macos-arm64 | 4.3.2.3 | 76.00 | OK | |||
r-devel-macos-x86_64 | 4.3.2.3 | 128.00 | OK | |||
r-devel-windows-x86_64 | 4.3.2.3 | 50.00 | 126.00 | 176.00 | OK | |
r-patched-linux-x86_64 | 4.3.2.3 | 55.87 | 94.80 | 150.67 | OK | |
r-release-linux-x86_64 | 4.3.2.3 | 55.63 | 95.65 | 151.28 | OK | |
r-release-macos-arm64 | 4.3.2.3 | 74.00 | NOTE | |||
r-release-macos-x86_64 | 4.3.2.3 | 111.00 | NOTE | |||
r-release-windows-x86_64 | 4.3.2.3 | 51.00 | 130.00 | 181.00 | OK | |
r-oldrel-macos-arm64 | 4.3.2.3 | 88.00 | NOTE | |||
r-oldrel-macos-x86_64 | 4.3.2.3 | 180.00 | NOTE | |||
r-oldrel-windows-x86_64 | 4.3.2.3 | 74.00 | 180.00 | 254.00 | OK |
Version: 4.3.2.3
Check: installed package size
Result: NOTE
installed size is 6.9Mb
sub-directories of 1Mb or more:
libs 6.8Mb
Flavors: r-release-macos-arm64, r-release-macos-x86_64, r-oldrel-macos-arm64, r-oldrel-macos-x86_64
These binaries (installable software) and packages are in development.
They may not be fully stable and should be used with caution. We make no claims about them.