Last updated on 2025-02-16 10:50:41 CET.
Flavor | Version | Tinstall | Tcheck | Ttotal | Status | Flags |
---|---|---|---|---|---|---|
r-devel-linux-x86_64-debian-clang | 0.5-3 | 10.54 | 80.07 | 90.61 | OK | |
r-devel-linux-x86_64-debian-gcc | 0.5-3 | 7.07 | 60.48 | 67.55 | OK | |
r-devel-linux-x86_64-fedora-clang | 0.5-3 | 146.15 | OK | |||
r-devel-linux-x86_64-fedora-gcc | 0.5-3 | 136.85 | OK | |||
r-devel-macos-arm64 | 0.5-3 | 48.00 | OK | |||
r-devel-macos-x86_64 | 0.5-3 | 79.00 | OK | |||
r-devel-windows-x86_64 | 0.5-3 | 11.00 | 88.00 | 99.00 | OK | |
r-patched-linux-x86_64 | 0.5-3 | 9.62 | 75.40 | 85.02 | OK | |
r-release-linux-x86_64 | 0.5-3 | 10.32 | 75.19 | 85.51 | OK | |
r-release-macos-arm64 | 0.5-3 | 39.00 | OK | |||
r-release-macos-x86_64 | 0.5-3 | 76.00 | OK | |||
r-release-windows-x86_64 | 0.5-3 | 12.00 | 91.00 | 103.00 | OK | |
r-oldrel-macos-arm64 | 0.5-3 | 45.00 | OK | |||
r-oldrel-macos-x86_64 | 0.5-3 | 75.00 | NOTE | |||
r-oldrel-windows-x86_64 | 0.5-3 | 15.00 | 128.00 | 143.00 | OK |
Version: 0.5-3
Check: Rd cross-references
Result: NOTE
Package unavailable to check Rd xrefs: ‘epiR’
Flavor: r-oldrel-macos-x86_64
These binaries (installable software) and packages are in development.
They may not be fully stable and should be used with caution. We make no claims about them.