Last updated on 2024-07-27 15:50:10 CEST.
Flavor | Version | Tinstall | Tcheck | Ttotal | Status | Flags |
---|---|---|---|---|---|---|
r-devel-linux-x86_64-debian-clang | 0.6.6 | 55.17 | 167.62 | 222.79 | OK | |
r-devel-linux-x86_64-debian-gcc | 0.6.6 | OK | ||||
r-devel-linux-x86_64-fedora-clang | 0.6.6 | 303.14 | OK | |||
r-devel-linux-x86_64-fedora-gcc | 0.6.6 | 296.05 | OK | |||
r-devel-windows-x86_64 | 0.6.6 | 83.00 | 612.00 | 695.00 | OK | |
r-patched-linux-x86_64 | 0.6.6 | OK | ||||
r-release-linux-x86_64 | 0.6.6 | 32.92 | 160.16 | 193.08 | OK | |
r-release-macos-arm64 | 0.6.6 | 75.00 | NOTE | |||
r-release-macos-x86_64 | 0.6.6 | 99.00 | NOTE | |||
r-release-windows-x86_64 | 0.6.6 | 90.00 | 672.00 | 762.00 | OK | |
r-oldrel-macos-arm64 | 0.6.6 | 76.00 | NOTE | |||
r-oldrel-macos-x86_64 | 0.6.6 | 147.00 | NOTE | |||
r-oldrel-windows-x86_64 | 0.6.6 | 74.00 | 402.00 | 476.00 | OK |
Version: 0.6.6
Check: installed package size
Result: NOTE
installed size is 5.7Mb
sub-directories of 1Mb or more:
extdata 3.4Mb
libs 2.1Mb
Flavors: r-release-macos-arm64, r-release-macos-x86_64, r-oldrel-macos-arm64, r-oldrel-macos-x86_64
These binaries (installable software) and packages are in development.
They may not be fully stable and should be used with caution. We make no claims about them.