Last updated on 2025-10-23 21:51:19 CEST.
Flavor | Version | Tinstall | Tcheck | Ttotal | Status | Flags |
---|---|---|---|---|---|---|
r-devel-linux-x86_64-debian-clang | 1.0.0 | 14.26 | 238.55 | 252.81 | OK | |
r-devel-linux-x86_64-debian-gcc | 1.0.0 | 10.60 | 156.01 | 166.61 | OK | |
r-devel-linux-x86_64-fedora-clang | 1.0.0 | 62.00 | 360.66 | 422.66 | NOTE | |
r-devel-linux-x86_64-fedora-gcc | 1.0.0 | 29.00 | 362.74 | 391.74 | NOTE | |
r-devel-windows-x86_64 | 1.0.0 | 17.00 | 175.00 | 192.00 | OK | |
r-patched-linux-x86_64 | 1.0.0 | 13.35 | 227.12 | 240.47 | OK | |
r-release-linux-x86_64 | 1.0.0 | 14.26 | 226.19 | 240.45 | OK | |
r-release-macos-arm64 | 1.0.0 | 6.00 | 78.00 | 84.00 | OK | |
r-release-macos-x86_64 | 1.0.0 | 10.00 | 118.00 | 128.00 | OK | |
r-release-windows-x86_64 | 1.0.0 | 15.00 | 178.00 | 193.00 | OK | |
r-oldrel-macos-arm64 | 1.0.0 | 7.00 | 78.00 | 85.00 | OK | |
r-oldrel-macos-x86_64 | 1.0.0 | 15.00 | 163.00 | 178.00 | OK | |
r-oldrel-windows-x86_64 | 1.0.0 | 23.00 | 258.00 | 281.00 | OK |
Version: 1.0.0
Check: dependencies in R code
Result: NOTE
Namespace in Imports field not imported from: ‘mathjaxr’
All declared Imports should be used.
Flavors: r-devel-linux-x86_64-fedora-clang, r-devel-linux-x86_64-fedora-gcc
These binaries (installable software) and packages are in development.
They may not be fully stable and should be used with caution. We make no claims about them.