Last updated on 2024-07-27 15:50:10 CEST.
Flavor | Version | Tinstall | Tcheck | Ttotal | Status | Flags |
---|---|---|---|---|---|---|
r-devel-linux-x86_64-debian-clang | 0.4.0 | 8.85 | 153.16 | 162.01 | OK | |
r-devel-linux-x86_64-debian-gcc | 0.4.0 | NOTE | ||||
r-devel-linux-x86_64-fedora-clang | 0.4.0 | 203.06 | NOTE | |||
r-devel-linux-x86_64-fedora-gcc | 0.4.0 | 193.41 | NOTE | |||
r-devel-windows-x86_64 | 0.4.0 | 9.00 | 134.00 | 143.00 | NOTE | |
r-patched-linux-x86_64 | 0.4.0 | OK | ||||
r-release-linux-x86_64 | 0.4.0 | 8.36 | 151.81 | 160.17 | OK | |
r-release-macos-arm64 | 0.4.0 | 65.00 | OK | |||
r-release-macos-x86_64 | 0.4.0 | 111.00 | OK | |||
r-release-windows-x86_64 | 0.4.0 | 8.00 | 133.00 | 141.00 | OK | |
r-oldrel-macos-arm64 | 0.4.0 | 72.00 | OK | |||
r-oldrel-macos-x86_64 | 0.4.0 | 124.00 | OK | |||
r-oldrel-windows-x86_64 | 0.4.0 | 10.00 | 155.00 | 165.00 | OK |
Version: 0.4.0
Check: Rd cross-references
Result: NOTE
Found the following Rd file(s) with Rd \link{} targets missing package
anchors:
AccurateGLM-class.Rd: cv.glmnet
coef.AccurateGLM.Rd: coef.glmnet
predict.AccurateGLM.Rd: predict.glmnet
Please provide package anchors for all Rd \link{} targets not in the
package itself and the base packages.
Flavors: r-devel-linux-x86_64-debian-gcc, r-devel-windows-x86_64
Version: 0.4.0
Check: dependencies in R code
Result: NOTE
Namespace in Imports field not imported from: ‘mathjaxr’
All declared Imports should be used.
Flavors: r-devel-linux-x86_64-fedora-clang, r-devel-linux-x86_64-fedora-gcc
These binaries (installable software) and packages are in development.
They may not be fully stable and should be used with caution. We make no claims about them.