Last updated on 2025-10-30 19:53:18 CET.
| Flavor | Version | Tinstall | Tcheck | Ttotal | Status | Flags | 
|---|---|---|---|---|---|---|
| r-devel-linux-x86_64-debian-clang | 1.3-7 | 12.03 | 128.37 | 140.40 | NOTE | |
| r-devel-linux-x86_64-debian-gcc | 1.3-7 | 8.13 | 85.28 | 93.41 | NOTE | |
| r-devel-linux-x86_64-fedora-clang | 1.3-7 | 31.00 | 184.87 | 215.87 | OK | |
| r-devel-linux-x86_64-fedora-gcc | 1.3-7 | 27.00 | 193.54 | 220.54 | OK | |
| r-devel-windows-x86_64 | 1.3-7 | 16.00 | 165.00 | 181.00 | OK | |
| r-patched-linux-x86_64 | 1.3-7 | 16.77 | 121.54 | 138.31 | OK | |
| r-release-linux-x86_64 | 1.3-7 | 10.68 | 122.86 | 133.54 | OK | |
| r-release-macos-arm64 | 1.3-7 | 7.00 | 76.00 | 83.00 | OK | |
| r-release-macos-x86_64 | 1.3-7 | 12.00 | 143.00 | 155.00 | OK | |
| r-release-windows-x86_64 | 1.3-7 | 20.00 | 170.00 | 190.00 | OK | |
| r-oldrel-macos-arm64 | 1.3-7 | 7.00 | 62.00 | 69.00 | OK | |
| r-oldrel-macos-x86_64 | 1.3-7 | 13.00 | 107.00 | 120.00 | OK | |
| r-oldrel-windows-x86_64 | 1.3-7 | 23.00 | 197.00 | 220.00 | OK | 
Version: 1.3-7
Check: CRAN incoming feasibility
Result: NOTE
  Maintainer: ‘Felipe de Mendiburu <fmendiburu@lamolina.edu.pe>’
  
  No Authors@R field in DESCRIPTION.
  Please add one, modifying
    Authors@R: person(given = "Felipe",
                      family = "de Mendiburu",
                      role = c("aut", "cre"),
                      email = "fmendiburu@lamolina.edu.pe")
  as necessary.
Flavors: r-devel-linux-x86_64-debian-clang, r-devel-linux-x86_64-debian-gcc
These binaries (installable software) and packages are in development.
They may not be fully stable and should be used with caution. We make no claims about them.