Last updated on 2025-10-23 11:50:06 CEST.
Flavor | Version | Tinstall | Tcheck | Ttotal | Status | Flags |
---|---|---|---|---|---|---|
r-devel-linux-x86_64-debian-clang | 1.25 | 8.90 | 145.75 | 154.65 | OK | |
r-devel-linux-x86_64-debian-gcc | 1.25 | 6.88 | 101.41 | 108.29 | NOTE | |
r-devel-linux-x86_64-fedora-clang | 1.25 | 31.00 | 193.56 | 224.56 | NOTE | |
r-devel-linux-x86_64-fedora-gcc | 1.25 | 47.00 | 225.80 | 272.80 | NOTE | |
r-devel-windows-x86_64 | 1.25 | 17.00 | 300.00 | 317.00 | OK | |
r-patched-linux-x86_64 | 1.25 | 15.62 | 135.94 | 151.56 | OK | |
r-release-linux-x86_64 | 1.25 | 8.11 | 136.54 | 144.65 | OK | |
r-release-macos-arm64 | 1.25 | 5.00 | 163.00 | 168.00 | OK | |
r-release-macos-x86_64 | 1.25 | 10.00 | 232.00 | 242.00 | OK | |
r-release-windows-x86_64 | 1.25 | 21.00 | 319.00 | 340.00 | OK | |
r-oldrel-macos-arm64 | 1.25 | 6.00 | 158.00 | 164.00 | OK | |
r-oldrel-macos-x86_64 | 1.25 | 14.00 | 217.00 | 231.00 | OK | |
r-oldrel-windows-x86_64 | 1.25 | 21.00 | 347.00 | 368.00 | OK |
Version: 1.25
Check: Rd files
Result: NOTE
checkRd: (-1) stroup.splitplot.Rd:14: height/width attributes should be in pixels
Flavor: r-devel-linux-x86_64-debian-gcc
Version: 1.25
Check: Rd files
Result: NOTE
checkRd: (-1) crossa.wheat.Rd:29-56: Only 5 columns allowed in this table (row 26 has 4)
checkRd: (-1) stroup.splitplot.Rd:14: height/width attributes should be in pixels
Flavors: r-devel-linux-x86_64-fedora-clang, r-devel-linux-x86_64-fedora-gcc
These binaries (installable software) and packages are in development.
They may not be fully stable and should be used with caution. We make no claims about them.