Last updated on 2025-10-30 19:53:18 CET.
| Flavor | Version | Tinstall | Tcheck | Ttotal | Status | Flags | 
|---|---|---|---|---|---|---|
| r-devel-linux-x86_64-debian-clang | 1.0.3 | 1.76 | 18.15 | 19.91 | NOTE | |
| r-devel-linux-x86_64-debian-gcc | 1.0.3 | 1.39 | 15.19 | 16.58 | NOTE | |
| r-devel-linux-x86_64-fedora-clang | 1.0.3 | 29.39 | OK | |||
| r-devel-linux-x86_64-fedora-gcc | 1.0.3 | 28.05 | OK | |||
| r-devel-windows-x86_64 | 1.0.3 | 3.00 | 33.00 | 36.00 | OK | |
| r-patched-linux-x86_64 | 1.0.3 | 1.60 | 17.21 | 18.81 | OK | |
| r-release-linux-x86_64 | 1.0.3 | 1.62 | 17.41 | 19.03 | OK | |
| r-release-macos-arm64 | 1.0.3 | 1.00 | 17.00 | 18.00 | OK | |
| r-release-macos-x86_64 | 1.0.3 | 2.00 | 23.00 | 25.00 | OK | |
| r-release-windows-x86_64 | 1.0.3 | 3.00 | 36.00 | 39.00 | OK | |
| r-oldrel-macos-arm64 | 1.0.3 | 1.00 | 18.00 | 19.00 | OK | |
| r-oldrel-macos-x86_64 | 1.0.3 | 2.00 | 25.00 | 27.00 | OK | |
| r-oldrel-windows-x86_64 | 1.0.3 | 3.00 | 34.00 | 37.00 | OK | 
Version: 1.0.3
Check: CRAN incoming feasibility
Result: NOTE
  Maintainer: ‘Chun-Han Lee <d10621201@ntu.edu.tw>’
  
  No Authors@R field in DESCRIPTION.
  Please add one, modifying
    Authors@R: c(person(given = c("Chun-Han", "Lee"),
                        family = "<lyliu@ntu.edu.tw>",
                        role = "aut",
                        email = "lyliu@ntu.edu.tw"),
                 person(given = "Chun-Han",
                        family = "Lee",
                        role = "cre",
                        email = "d10621201@ntu.edu.tw"))
  as necessary.
Flavors: r-devel-linux-x86_64-debian-clang, r-devel-linux-x86_64-debian-gcc
These binaries (installable software) and packages are in development.
They may not be fully stable and should be used with caution. We make no claims about them.