Last updated on 2025-11-12 18:50:26 CET.
| Flavor | Version | Tinstall | Tcheck | Ttotal | Status | Flags |
|---|---|---|---|---|---|---|
| r-devel-linux-x86_64-debian-clang | 1.2.2 | 12.82 | 110.98 | 123.80 | OK | |
| r-devel-linux-x86_64-debian-gcc | 1.2.2 | 8.45 | 78.51 | 86.96 | OK | |
| r-devel-linux-x86_64-fedora-clang | 1.2.2 | 72.00 | 134.99 | 206.99 | OK | |
| r-devel-linux-x86_64-fedora-gcc | 1.2.2 | 25.00 | 169.79 | 194.79 | OK | |
| r-devel-windows-x86_64 | 1.2.2 | 15.00 | 114.00 | 129.00 | OK | |
| r-patched-linux-x86_64 | 1.2.2 | 13.35 | 103.96 | 117.31 | OK | |
| r-release-linux-x86_64 | 1.2.2 | 13.19 | 103.31 | 116.50 | OK | |
| r-release-macos-arm64 | 1.2.2 | 5.00 | 38.00 | 43.00 | OK | |
| r-release-macos-x86_64 | 1.2.2 | 12.00 | 97.00 | 109.00 | OK | |
| r-release-windows-x86_64 | 1.2.2 | 16.00 | 112.00 | 128.00 | OK | |
| r-oldrel-macos-arm64 | 1.2.2 | 4.00 | 38.00 | 42.00 | NOTE | |
| r-oldrel-macos-x86_64 | 1.2.2 | 12.00 | 110.00 | 122.00 | NOTE | |
| r-oldrel-windows-x86_64 | 1.2.2 | 21.00 | 143.00 | 164.00 | NOTE |
Version: 1.2.2
Check: package dependencies
Result: NOTE
Package which this enhances but not available for checking: ‘asreml’
Flavors: r-oldrel-macos-arm64, r-oldrel-macos-x86_64, r-oldrel-windows-x86_64
These binaries (installable software) and packages are in development.
They may not be fully stable and should be used with caution. We make no claims about them.