Last updated on 2025-05-01 12:49:22 CEST.
Flavor | Version | Tinstall | Tcheck | Ttotal | Status | Flags |
---|---|---|---|---|---|---|
r-devel-linux-x86_64-debian-clang | 1.2.1 | 13.36 | 98.55 | 111.91 | OK | |
r-devel-linux-x86_64-debian-gcc | 1.2.1 | 7.59 | 68.06 | 75.65 | OK | |
r-devel-linux-x86_64-fedora-clang | 1.2.1 | 166.68 | OK | |||
r-devel-linux-x86_64-fedora-gcc | 1.2.1 | 165.67 | OK | |||
r-devel-windows-x86_64 | 1.2.1 | 13.00 | 107.00 | 120.00 | OK | |
r-patched-linux-x86_64 | 1.2.1 | 11.67 | 92.71 | 104.38 | OK | |
r-release-linux-x86_64 | OK | |||||
r-release-macos-arm64 | 1.2.1 | 55.00 | OK | |||
r-release-macos-x86_64 | 1.2.1 | 82.00 | OK | |||
r-release-windows-x86_64 | 1.2.1 | 13.00 | 106.00 | 119.00 | OK | |
r-oldrel-macos-arm64 | 1.2.1 | 54.00 | NOTE | |||
r-oldrel-macos-x86_64 | 1.2.1 | 103.00 | NOTE | |||
r-oldrel-windows-x86_64 | 1.2.1 | 17.00 | 133.00 | 150.00 | NOTE |
Version: 1.2.1
Check: package dependencies
Result: NOTE
Package which this enhances but not available for checking: ‘asreml’
Flavors: r-oldrel-macos-arm64, r-oldrel-macos-x86_64, r-oldrel-windows-x86_64
These binaries (installable software) and packages are in development.
They may not be fully stable and should be used with caution. We make no claims about them.