Last updated on 2024-07-27 15:50:10 CEST.
Flavor | Version | Tinstall | Tcheck | Ttotal | Status | Flags |
---|---|---|---|---|---|---|
r-devel-linux-x86_64-debian-clang | 0.1.4 | 16.43 | 189.10 | 205.53 | OK | |
r-devel-linux-x86_64-debian-gcc | 0.1.4 | OK | ||||
r-devel-linux-x86_64-fedora-clang | 0.1.4 | 276.55 | OK | |||
r-devel-linux-x86_64-fedora-gcc | 0.1.4 | 252.36 | OK | |||
r-devel-windows-x86_64 | 0.1.4 | 16.00 | 150.00 | 166.00 | OK | |
r-patched-linux-x86_64 | 0.1.4 | OK | ||||
r-release-linux-x86_64 | 0.1.4 | 12.16 | 183.25 | 195.41 | OK | |
r-release-macos-arm64 | 0.1.4 | 84.00 | OK | |||
r-release-macos-x86_64 | 0.1.4 | 177.00 | OK | |||
r-release-windows-x86_64 | 0.1.4 | 16.00 | 145.00 | 161.00 | OK | |
r-oldrel-macos-arm64 | 0.1.4 | 78.00 | ERROR | |||
r-oldrel-macos-x86_64 | 0.1.4 | 165.00 | ERROR | |||
r-oldrel-windows-x86_64 | 0.1.4 | 23.00 | 190.00 | 213.00 | OK |
Version: 0.1.4
Check: running R code from vignettes
Result: ERROR
Errors in running code in vignettes:
when running code in ‘agua.Rmd’
...
> knitr::opts_chunk$set(collapse = TRUE, comment = "#>",
+ fig.width = 8, fig.height = 5.75, out.width = "95%")
> options(digits = 3)
> knitr::include_graphics("../man/figures/vip.png")
When sourcing ‘agua.R’:
Error: Cannot find the file(s): "../man/figures/vip.png"
Execution halted
‘agua.Rmd’ using ‘UTF-8’... failed
Flavors: r-oldrel-macos-arm64, r-oldrel-macos-x86_64
These binaries (installable software) and packages are in development.
They may not be fully stable and should be used with caution. We make no claims about them.