Last updated on 2025-02-16 10:50:41 CET.
Flavor | Version | Tinstall | Tcheck | Ttotal | Status | Flags |
---|---|---|---|---|---|---|
r-devel-linux-x86_64-debian-clang | 1.20.1 | 25.44 | 62.92 | 88.36 | NOTE | |
r-devel-linux-x86_64-debian-gcc | 1.20.1 | 17.27 | 45.90 | 63.17 | NOTE | |
r-devel-linux-x86_64-fedora-clang | 1.20.1 | 154.06 | NOTE | |||
r-devel-linux-x86_64-fedora-gcc | 1.20.1 | 164.20 | NOTE | |||
r-devel-macos-arm64 | 1.20.1 | 50.00 | NOTE | |||
r-devel-macos-x86_64 | 1.20.1 | 105.00 | NOTE | |||
r-devel-windows-x86_64 | 1.20.1 | 27.00 | 95.00 | 122.00 | NOTE | |
r-patched-linux-x86_64 | 1.20.1 | 24.81 | 58.31 | 83.12 | NOTE | |
r-release-linux-x86_64 | 1.20.1 | 24.12 | 59.21 | 83.33 | NOTE | |
r-release-macos-arm64 | 1.20.1 | 48.00 | NOTE | |||
r-release-macos-x86_64 | 1.20.1 | 71.00 | NOTE | |||
r-release-windows-x86_64 | 1.20.1 | 29.00 | 88.00 | 117.00 | NOTE | |
r-oldrel-macos-arm64 | 1.20.1 | 44.00 | NOTE | |||
r-oldrel-macos-x86_64 | 1.20.1 | 69.00 | NOTE | |||
r-oldrel-windows-x86_64 | 1.20.1 | 34.00 | 109.00 | 143.00 | NOTE |
Version: 1.20.1
Check: C++ specification
Result: NOTE
Specified C++11: please drop specification unless essential
Flavors: r-devel-linux-x86_64-debian-clang, r-devel-linux-x86_64-debian-gcc, r-devel-linux-x86_64-fedora-clang, r-devel-linux-x86_64-fedora-gcc, r-devel-macos-arm64, r-devel-macos-x86_64, r-devel-windows-x86_64, r-patched-linux-x86_64, r-release-linux-x86_64, r-release-macos-arm64, r-release-macos-x86_64, r-release-windows-x86_64, r-oldrel-macos-arm64, r-oldrel-macos-x86_64, r-oldrel-windows-x86_64
These binaries (installable software) and packages are in development.
They may not be fully stable and should be used with caution. We make no claims about them.