Last updated on 2025-11-12 19:51:41 CET.
| Flavor | Version | Tinstall | Tcheck | Ttotal | Status | Flags |
|---|---|---|---|---|---|---|
| r-devel-linux-x86_64-debian-clang | 0.3.1 | 5.69 | 126.48 | 132.17 | OK | |
| r-devel-linux-x86_64-debian-gcc | 0.3.1 | 4.22 | 88.44 | 92.66 | OK | |
| r-devel-linux-x86_64-fedora-clang | 0.3.1 | 12.00 | 204.52 | 216.52 | OK | |
| r-devel-linux-x86_64-fedora-gcc | 0.3.1 | 12.00 | 210.72 | 222.72 | OK | |
| r-devel-windows-x86_64 | 0.3.1 | 10.00 | 122.00 | 132.00 | OK | |
| r-patched-linux-x86_64 | 0.3.1 | 4.95 | 116.71 | 121.66 | OK | |
| r-release-linux-x86_64 | 0.3.1 | 5.54 | 118.35 | 123.89 | OK | |
| r-release-macos-arm64 | 0.3.1 | 3.00 | 61.00 | 64.00 | OK | |
| r-release-macos-x86_64 | 0.3.1 | 4.00 | 102.00 | 106.00 | OK | |
| r-release-windows-x86_64 | 0.3.1 | 8.00 | 118.00 | 126.00 | OK | |
| r-oldrel-macos-arm64 | 0.3.1 | 2.00 | 51.00 | 53.00 | NOTE | |
| r-oldrel-macos-x86_64 | 0.3.1 | 4.00 | 79.00 | 83.00 | NOTE | |
| r-oldrel-windows-x86_64 | 0.3.1 | 10.00 | 158.00 | 168.00 | NOTE |
Version: 0.3.1
Check: LazyData
Result: NOTE
'LazyData' is specified without a 'data' directory
Flavors: r-oldrel-macos-arm64, r-oldrel-macos-x86_64, r-oldrel-windows-x86_64
These binaries (installable software) and packages are in development.
They may not be fully stable and should be used with caution. We make no claims about them.