CRAN Package Check Results for Package ahnr

Last updated on 2025-05-08 04:51:58 CEST.

Flavor Version Tinstall Tcheck Ttotal Status Flags
r-devel-linux-x86_64-debian-clang 0.3.1 5.37 117.30 122.67 OK
r-devel-linux-x86_64-debian-gcc 0.3.1 4.03 78.07 82.10 OK
r-devel-linux-x86_64-fedora-clang 0.3.1 190.70 OK
r-devel-linux-x86_64-fedora-gcc 0.3.1 214.07 OK
r-devel-windows-x86_64 0.3.1 8.00 124.00 132.00 OK
r-patched-linux-x86_64 0.3.1 4.58 109.03 113.61 OK
r-release-linux-x86_64 0.3.1 5.09 108.01 113.10 OK
r-release-macos-arm64 0.3.1 64.00 OK
r-release-macos-x86_64 0.3.1 106.00 OK
r-release-windows-x86_64 0.3.1 8.00 118.00 126.00 OK
r-oldrel-macos-arm64 0.3.1 53.00 NOTE
r-oldrel-macos-x86_64 0.3.1 83.00 NOTE
r-oldrel-windows-x86_64 0.3.1 9.00 144.00 153.00 NOTE

Check Details

Version: 0.3.1
Check: LazyData
Result: NOTE 'LazyData' is specified without a 'data' directory Flavors: r-oldrel-macos-arm64, r-oldrel-macos-x86_64, r-oldrel-windows-x86_64

These binaries (installable software) and packages are in development.
They may not be fully stable and should be used with caution. We make no claims about them.