CRAN Package Check Results for Package ahpsurvey

Last updated on 2025-05-03 22:49:47 CEST.

Flavor Version Tinstall Tcheck Ttotal Status Flags
r-devel-linux-x86_64-debian-clang 0.4.1 5.25 52.83 58.08 OK
r-devel-linux-x86_64-debian-gcc 0.4.1 3.37 36.31 39.68 OK
r-devel-linux-x86_64-fedora-clang 0.4.1 88.26 NOTE
r-devel-linux-x86_64-fedora-gcc 0.4.1 153.42 NOTE
r-devel-windows-x86_64 0.4.1 7.00 66.00 73.00 OK
r-patched-linux-x86_64 0.4.1 5.22 47.80 53.02 OK
r-release-linux-x86_64 OK
r-release-macos-arm64 0.4.1 47.00 OK
r-release-macos-x86_64 0.4.1 90.00 OK
r-release-windows-x86_64 0.4.1 7.00 66.00 73.00 OK
r-oldrel-macos-arm64 0.4.1 45.00 OK
r-oldrel-macos-x86_64 0.4.1 73.00 OK
r-oldrel-windows-x86_64 0.4.1 8.00 80.00 88.00 OK

Check Details

Version: 0.4.1
Check: dependencies in R code
Result: NOTE Namespaces in Imports field not imported from: ‘knitr’ ‘randomNames’ ‘tidyr’ All declared Imports should be used. Flavors: r-devel-linux-x86_64-fedora-clang, r-devel-linux-x86_64-fedora-gcc

These binaries (installable software) and packages are in development.
They may not be fully stable and should be used with caution. We make no claims about them.