CRAN Package Check Results for Package aiRly

Last updated on 2025-02-16 10:50:41 CET.

Flavor Version Tinstall Tcheck Ttotal Status Flags
r-devel-linux-x86_64-debian-clang 0.1.0 3.84 34.67 38.51 OK
r-devel-linux-x86_64-debian-gcc 0.1.0 2.97 25.46 28.43 OK
r-devel-linux-x86_64-fedora-clang 0.1.0 63.17 OK
r-devel-linux-x86_64-fedora-gcc 0.1.0 57.76 OK
r-devel-macos-arm64 0.1.0 24.00 OK
r-devel-macos-x86_64 0.1.0 38.00 OK
r-devel-windows-x86_64 0.1.0 5.00 58.00 63.00 OK
r-patched-linux-x86_64 0.1.0 3.61 31.92 35.53 NOTE
r-release-linux-x86_64 0.1.0 3.56 32.10 35.66 NOTE
r-release-macos-arm64 0.1.0 22.00 NOTE
r-release-macos-x86_64 0.1.0 32.00 NOTE
r-release-windows-x86_64 0.1.0 5.00 57.00 62.00 NOTE
r-oldrel-macos-arm64 0.1.0 23.00 NOTE
r-oldrel-macos-x86_64 0.1.0 32.00 NOTE
r-oldrel-windows-x86_64 0.1.0 6.00 97.00 103.00 NOTE

Additional issues

donttest

Check Details

Version: 0.1.0
Check: LazyData
Result: NOTE 'LazyData' is specified without a 'data' directory Flavors: r-patched-linux-x86_64, r-release-linux-x86_64, r-release-macos-arm64, r-release-macos-x86_64, r-release-windows-x86_64, r-oldrel-macos-arm64, r-oldrel-macos-x86_64, r-oldrel-windows-x86_64

These binaries (installable software) and packages are in development.
They may not be fully stable and should be used with caution. We make no claims about them.