Last updated on 2025-02-19 16:50:40 CET.
Flavor | Version | Tinstall | Tcheck | Ttotal | Status | Flags |
---|---|---|---|---|---|---|
r-devel-linux-x86_64-debian-clang | 1.2.1 | 3.74 | 28.75 | 32.49 | NOTE | |
r-devel-linux-x86_64-debian-gcc | 1.2.1 | 2.96 | 22.44 | 25.40 | NOTE | |
r-devel-linux-x86_64-fedora-clang | 1.2.1 | 50.68 | NOTE | |||
r-devel-linux-x86_64-fedora-gcc | 1.2.1 | 51.58 | NOTE | |||
r-devel-macos-arm64 | 1.2.1 | 19.00 | OK | |||
r-devel-macos-x86_64 | 1.2.1 | 34.00 | OK | |||
r-devel-windows-x86_64 | 1.2.1 | 7.00 | 56.00 | 63.00 | OK | |
r-patched-linux-x86_64 | 1.2.1 | 4.02 | 27.44 | 31.46 | NOTE | |
r-release-linux-x86_64 | 1.2.1 | 3.69 | 27.27 | 30.96 | NOTE | |
r-release-macos-arm64 | 1.2.1 | 25.00 | OK | |||
r-release-macos-x86_64 | 1.2.1 | 30.00 | OK | |||
r-release-windows-x86_64 | 1.2.1 | 7.00 | 56.00 | 63.00 | OK | |
r-oldrel-macos-arm64 | 1.2.1 | 23.00 | OK | |||
r-oldrel-macos-x86_64 | 1.2.1 | 29.00 | OK | |||
r-oldrel-windows-x86_64 | 1.2.1 | 7.00 | 60.00 | 67.00 | OK |
Version: 1.2.1
Check: for non-standard things in the check directory
Result: NOTE
Found the following files/directories:
‘stuve.pdf’
Flavors: r-devel-linux-x86_64-debian-clang, r-devel-linux-x86_64-debian-gcc, r-devel-linux-x86_64-fedora-clang, r-devel-linux-x86_64-fedora-gcc, r-patched-linux-x86_64, r-release-linux-x86_64
These binaries (installable software) and packages are in development.
They may not be fully stable and should be used with caution. We make no claims about them.